Last updated on 2022-04-27 12:55:21 CEST.
Flavor | Version | Tinstall | Tcheck | Ttotal | Status | Flags |
---|---|---|---|---|---|---|
r-devel-linux-x86_64-debian-clang | 1.9 | 11.57 | 109.57 | 121.14 | OK | |
r-devel-linux-x86_64-debian-gcc | 1.9 | 8.94 | 82.45 | 91.39 | OK | |
r-devel-linux-x86_64-fedora-clang | 1.9 | 111.66 | ERROR | |||
r-devel-linux-x86_64-fedora-gcc | 1.9 | 105.47 | ERROR | |||
r-devel-windows-x86_64 | 1.9 | 51.00 | 124.00 | 175.00 | OK | |
r-patched-linux-x86_64 | 1.9 | 10.16 | 102.26 | 112.42 | OK | |
r-release-linux-x86_64 | 1.9 | 9.65 | 104.17 | 113.82 | OK | |
r-release-macos-arm64 | 1.9 | 37.00 | OK | |||
r-release-macos-x86_64 | 1.9 | 67.00 | OK | |||
r-release-windows-x86_64 | 1.9 | 47.00 | 127.00 | 174.00 | OK | |
r-oldrel-macos-arm64 | 1.9 | 53.00 | OK | |||
r-oldrel-macos-x86_64 | 1.9 | 102.00 | OK | |||
r-oldrel-windows-ix86+x86_64 | 1.9 | 26.00 | 112.00 | 138.00 | OK |
Version: 1.9
Check: examples
Result: ERROR
Running examples in ‘tsintermittent-Ex.R’ failed
The error most likely occurred in:
> ### Name: crost
> ### Title: Croston's method and variants
> ### Aliases: crost
> ### Keywords: ~croston ~crost
>
> ### ** Examples
>
> crost(ts.data1,outplot=TRUE)
Error in nop > 2 || nop < 1 : 'length = 2' in coercion to 'logical(1)'
Calls: crost
Execution halted
Flavors: r-devel-linux-x86_64-fedora-clang, r-devel-linux-x86_64-fedora-gcc