Last updated on 2022-04-29 10:55:22 CEST.
Flavor | Version | Tinstall | Tcheck | Ttotal | Status | Flags |
---|---|---|---|---|---|---|
r-devel-linux-x86_64-debian-clang | 0.1.3 | 2.80 | 43.65 | 46.45 | OK | |
r-devel-linux-x86_64-debian-gcc | 0.1.3 | 1.67 | 33.58 | 35.25 | OK | |
r-devel-linux-x86_64-fedora-clang | 0.1.3 | 12.79 | ERROR | |||
r-devel-linux-x86_64-fedora-gcc | 0.1.3 | 13.09 | ERROR | |||
r-devel-windows-x86_64 | 0.1.3 | 19.00 | 60.00 | 79.00 | OK | |
r-patched-linux-x86_64 | 0.1.3 | 2.99 | 42.19 | 45.18 | OK | |
r-release-linux-x86_64 | 0.1.3 | 2.27 | 42.83 | 45.10 | OK | |
r-release-macos-arm64 | 0.1.3 | 18.00 | OK | |||
r-release-macos-x86_64 | 0.1.3 | 29.00 | OK | |||
r-release-windows-x86_64 | 0.1.3 | 17.00 | 60.00 | 77.00 | OK | |
r-oldrel-macos-arm64 | 0.1.3 | 23.00 | OK | |||
r-oldrel-macos-x86_64 | 0.1.3 | 34.00 | OK | |||
r-oldrel-windows-ix86+x86_64 | 0.1.3 | 5.00 | 39.00 | 44.00 | OK |
Version: 0.1.3
Check: package dependencies
Result: ERROR
Package required but not available: ‘fOptions’
See section ‘The DESCRIPTION file’ in the ‘Writing R Extensions’
manual.
Flavors: r-devel-linux-x86_64-fedora-clang, r-devel-linux-x86_64-fedora-gcc