Last updated on 2022-04-29 10:55:25 CEST.
Flavor | Version | Tinstall | Tcheck | Ttotal | Status | Flags |
---|---|---|---|---|---|---|
r-devel-linux-x86_64-debian-clang | 3042.80 | 13.88 | 84.54 | 98.42 | NOTE | |
r-devel-linux-x86_64-debian-gcc | 3042.80 | 7.72 | 63.47 | 71.19 | NOTE | |
r-devel-linux-x86_64-fedora-clang | 3042.80 | 12.62 | ERROR | |||
r-devel-linux-x86_64-fedora-gcc | 3042.80 | 13.13 | ERROR | |||
r-devel-windows-x86_64 | 3042.80 | 66.00 | 89.00 | 155.00 | NOTE | |
r-patched-linux-x86_64 | 3042.80 | 11.80 | 80.59 | 92.39 | NOTE | |
r-release-linux-x86_64 | 3042.80 | 8.82 | 81.35 | 90.17 | NOTE | |
r-release-macos-arm64 | 3042.80 | 30.00 | NOTE | |||
r-release-macos-x86_64 | 3042.80 | 59.00 | NOTE | |||
r-release-windows-x86_64 | 3042.80 | 70.00 | 95.00 | 165.00 | NOTE | |
r-oldrel-macos-arm64 | 3042.80 | 42.00 | NOTE | |||
r-oldrel-macos-x86_64 | 3042.80 | 61.00 | NOTE | |||
r-oldrel-windows-ix86+x86_64 | 3042.80 | 13.00 | 61.00 | 74.00 | NOTE |
Version: 3042.80
Check: LazyData
Result: NOTE
'LazyData' is specified without a 'data' directory
Flavors: r-devel-linux-x86_64-debian-clang, r-devel-linux-x86_64-debian-gcc, r-devel-windows-x86_64, r-patched-linux-x86_64, r-release-linux-x86_64, r-release-macos-arm64, r-release-macos-x86_64, r-release-windows-x86_64, r-oldrel-macos-arm64, r-oldrel-macos-x86_64, r-oldrel-windows-ix86+x86_64
Version: 3042.80
Check: package dependencies
Result: ERROR
Package required but not available: ‘fOptions’
See section ‘The DESCRIPTION file’ in the ‘Writing R Extensions’
manual.
Flavors: r-devel-linux-x86_64-fedora-clang, r-devel-linux-x86_64-fedora-gcc