Last updated on 2022-05-01 16:51:59 CEST.
Flavor | Version | Tinstall | Tcheck | Ttotal | Status | Flags |
---|---|---|---|---|---|---|
r-devel-linux-x86_64-debian-clang | 3.0.3 | 10.22 | 62.34 | 72.56 | WARN | |
r-devel-linux-x86_64-debian-gcc | 3.0.3 | 0.53 | 5.97 | 6.50 | ERROR | |
r-devel-linux-x86_64-fedora-clang | 3.0.3 | 91.38 | WARN | |||
r-devel-linux-x86_64-fedora-gcc | 3.0.3 | 89.38 | WARN | |||
r-devel-windows-x86_64 | 3.0.3 | 26.00 | 76.00 | 102.00 | WARN | |
r-patched-linux-x86_64 | 3.0.3 | 9.88 | 58.66 | 68.54 | OK | |
r-release-linux-x86_64 | 3.0.3 | 9.19 | 60.26 | 69.45 | OK | |
r-release-macos-arm64 | 3.0.3 | 27.00 | OK | |||
r-release-macos-x86_64 | 3.0.3 | 42.00 | OK | |||
r-release-windows-x86_64 | 3.0.3 | 38.00 | 76.00 | 114.00 | OK | |
r-oldrel-macos-arm64 | 3.0.3 | 30.00 | OK | |||
r-oldrel-macos-x86_64 | 3.0.3 | 34.00 | OK | |||
r-oldrel-windows-ix86+x86_64 | 3.0.3 | 11.00 | 56.00 | 67.00 | OK |
Version: 3.0.3
Check: Rd files
Result: WARN
checkRd: (7) Surv2.Rd:37: invalid email address: gbakogia at iu dot edu
checkRd: (7) Surv2.Rd:39: invalid email address: jp84 at iu dot edu
checkRd: (7) bs.derivs.Rd:43: invalid email address: jp84 at iu dot edu
checkRd: (7) bs.derivs.Rd:45: invalid email address: gbakogia at iu dot edu
checkRd: (7) bssmle.Rd:42: invalid email address: gbakogia at iu dot edu
checkRd: (7) bssmle.Rd:44: invalid email address: jp84 at iu dot edu
checkRd: (7) bssmle_aipw.Rd:38: invalid email address: jp84 at iu dot edu
checkRd: (7) bssmle_aipw.Rd:40: invalid email address: gbakogia at iu dot edu
checkRd: (7) bssmle_lse.Rd:26: invalid email address: jp84 at iu dot edu
checkRd: (7) bssmle_lse.Rd:28: invalid email address: gbakogia at iu dot edu
checkRd: (7) bssmle_lse_lt.Rd:26: invalid email address: jp84 at iu dot edu
checkRd: (7) bssmle_lse_lt.Rd:28: invalid email address: gbakogia at iu dot edu
checkRd: (7) bssmle_lt.Rd:45: invalid email address: jp84 at iu dot edu
checkRd: (7) bssmle_lt.Rd:47: invalid email address: gbakogia at iu dot edu
checkRd: (7) bssmle_se.Rd:37: invalid email address: gbakogia at iu dot edu
checkRd: (7) bssmle_se.Rd:39: invalid email address: jp84 at iu dot edu
checkRd: (7) bssmle_se_aipw.Rd:39: invalid email address: gbakogia at iu dot edu
checkRd: (7) bssmle_se_aipw.Rd:41: invalid email address: jp84 at iu dot edu
checkRd: (7) ciregic.Rd:86: invalid email address: gbakogia at iu dot edu
checkRd: (7) ciregic.Rd:88: invalid email address: jp84 at iu dot edu
checkRd: (7) ciregic_aipw.Rd:101: invalid email address: jp84 at iu dot edu
checkRd: (7) ciregic_aipw.Rd:103: invalid email address: gbakogia at iu dot edu
checkRd: (7) ciregic_lt.Rd:88: invalid email address: jp84 at iu dot edu
checkRd: (7) ciregic_lt.Rd:90: invalid email address: gbakogia at iu dot edu
checkRd: (7) dataprep.Rd:35: invalid email address: jp84 at iu dot edu
checkRd: (7) dataprep.Rd:37: invalid email address: gbakogia at iu dot edu
checkRd: (7) dataprep_lt.Rd:32: invalid email address: jp84 at iu dot edu
checkRd: (7) dataprep_lt.Rd:34: invalid email address: gbakogia at iu dot edu
checkRd: (7) dbs.Rd:43: invalid email address: jp84 at iu dot edu
checkRd: (7) dbs.Rd:45: invalid email address: gbakogia at iu dot edu
checkRd: (7) naive_b.Rd:39: invalid email address: gbakogia at iu dot edu
checkRd: (7) naive_b.Rd:41: invalid email address: jp84 at iu dot edu
checkRd: (7) predict.dbs.Rd:24: invalid email address: gbakogia at iu dot edu
checkRd: (7) predict.dbs.Rd:26: invalid email address: jp84 at iu dot edu
Flavors: r-devel-linux-x86_64-debian-clang, r-devel-linux-x86_64-fedora-clang, r-devel-linux-x86_64-fedora-gcc, r-devel-windows-x86_64
Version: 3.0.3
Check: package dependencies
Result: ERROR
Packages required but not available: 'alabama', 'doParallel'
Package suggested but not available for checking: ‘R.rsp’
VignetteBuilder package required for checking but not installed: ‘R.rsp’
See section ‘The DESCRIPTION file’ in the ‘Writing R Extensions’
manual.
Flavor: r-devel-linux-x86_64-debian-gcc