Last updated on 2022-05-01 16:52:13 CEST.
Flavor | Version | Tinstall | Tcheck | Ttotal | Status | Flags |
---|---|---|---|---|---|---|
r-devel-linux-x86_64-debian-clang | 2.0 | 4.97 | 47.75 | 52.72 | WARN | |
r-devel-linux-x86_64-debian-gcc | 2.0 | 3.41 | 31.37 | 34.78 | WARN | |
r-devel-linux-x86_64-fedora-clang | 2.0 | 63.27 | WARN | |||
r-devel-linux-x86_64-fedora-gcc | 2.0 | 52.85 | WARN | |||
r-devel-windows-x86_64 | 2.0 | 30.00 | 61.00 | 91.00 | WARN | |
r-patched-linux-x86_64 | 2.0 | 3.39 | 45.63 | 49.02 | OK | |
r-release-linux-x86_64 | 2.0 | 3.82 | 44.73 | 48.55 | OK | |
r-release-macos-arm64 | 2.0 | 19.00 | OK | |||
r-release-macos-x86_64 | 2.0 | 33.00 | OK | |||
r-release-windows-x86_64 | 2.0 | 11.00 | 64.00 | 75.00 | OK | |
r-oldrel-macos-arm64 | 2.0 | 23.00 | OK | |||
r-oldrel-macos-x86_64 | 2.0 | 36.00 | OK | |||
r-oldrel-windows-ix86+x86_64 | 2.0 | 8.00 | 41.00 | 49.00 | OK |
Version: 2.0
Check: Rd files
Result: WARN
checkRd: (7) read.old.seq.Rd:41: invalid email address: Jean-sebastien.pierre\@univ-rennes1.fr
Flavors: r-devel-linux-x86_64-debian-clang, r-devel-linux-x86_64-debian-gcc, r-devel-linux-x86_64-fedora-clang, r-devel-linux-x86_64-fedora-gcc, r-devel-windows-x86_64