Last updated on 2022-05-02 08:51:55 CEST.
Flavor | Version | Tinstall | Tcheck | Ttotal | Status | Flags |
---|---|---|---|---|---|---|
r-devel-linux-x86_64-debian-clang | 0.1.5 | 14.47 | 122.68 | 137.15 | NOTE | |
r-devel-linux-x86_64-debian-gcc | 0.1.5 | 10.58 | 90.48 | 101.06 | NOTE | |
r-devel-linux-x86_64-fedora-clang | 0.1.5 | 162.55 | NOTE | |||
r-devel-linux-x86_64-fedora-gcc | 0.1.5 | 155.66 | NOTE | |||
r-devel-windows-x86_64 | 0.1.5 | 15.00 | 130.00 | 145.00 | NOTE | |
r-patched-linux-x86_64 | 0.1.5 | 11.07 | 115.46 | 126.53 | NOTE | |
r-release-linux-x86_64 | 0.1.5 | NOTE | ||||
r-release-macos-arm64 | 0.1.5 | 43.00 | NOTE | |||
r-release-macos-x86_64 | 0.1.5 | 85.00 | NOTE | |||
r-release-windows-x86_64 | 0.1.5 | 16.00 | 126.00 | 142.00 | NOTE | |
r-oldrel-macos-arm64 | 0.1.5 | 48.00 | NOTE | |||
r-oldrel-macos-x86_64 | 0.1.5 | 75.00 | NOTE | |||
r-oldrel-windows-ix86+x86_64 | 0.1.5 | 19.00 | 88.00 | 107.00 | NOTE |
Version: 0.1.5
Check: R code for possible problems
Result: NOTE
LICORS2LSC: no visible global function definition for 'ts'
plot.LSC: no visible global function definition for 'plot.new'
plot_LSC_0plus1D: no visible global function definition for 'loess'
plot_LSC_0plus1D: no visible global function definition for 'matplot'
plot_LSC_1plus1D: no visible global function definition for
'colorRampPalette'
plot_LSC_1plus1D: no visible global function definition for 'loess'
plot_LSC_1plus1D: no visible global function definition for 'layout'
plot_LSC_1plus1D: no visible global function definition for 'par'
plot_LSC_1plus1D: no visible global function definition for 'lines'
plot_LSC_1plus1D: no visible global function definition for 'box'
plot_LSC_1plus1D: no visible global function definition for 'axis'
plot_LSC_1plus1D: no visible global function definition for 'mtext'
plot_LSC_2plus1D: no visible global function definition for
'colorRampPalette'
plot_LSC_2plus1D: no visible binding for global variable 'median'
plot_LSC_2plus1D : <anonymous>: no visible global function definition
for 'sd'
plot_LSC_2plus1D: no visible global function definition for 'par'
plot_LSC_2plus1D: no visible global function definition for 'layout'
plot_LSC_2plus1D: no visible global function definition for 'mtext'
plot_LSC_2plus1D: no visible global function definition for 'plot.new'
plot_LSC_2plus1D: no visible global function definition for 'lines'
plot_LSC_2plus1D: no visible global function definition for 'axis'
plot_LSC_2plus1D: no visible global function definition for 'box'
plot_LSC_2plus1D: no visible global function definition for 'grid'
plot_LSC_2plus1D: no visible global function definition for 'points'
plot_LSC_2plus1D: no visible global function definition for 'abline'
plot_LSC_2plus1D: no visible binding for global variable
'weighted.mean'
plot_LSC_2plus1D: no visible binding for global variable 'sd'
plot_LSC_2plus1D: no visible global function definition for 'density'
Undefined global functions or variables:
abline axis box colorRampPalette density grid layout lines loess
matplot median mtext par plot.new points sd ts weighted.mean
Consider adding
importFrom("grDevices", "colorRampPalette")
importFrom("graphics", "abline", "axis", "box", "grid", "layout",
"lines", "matplot", "mtext", "par", "plot.new", "points")
importFrom("stats", "density", "loess", "median", "sd", "ts",
"weighted.mean")
to your NAMESPACE file.
Flavors: r-devel-linux-x86_64-debian-clang, r-devel-linux-x86_64-debian-gcc, r-devel-linux-x86_64-fedora-clang, r-devel-linux-x86_64-fedora-gcc, r-devel-windows-x86_64, r-patched-linux-x86_64, r-release-linux-x86_64, r-release-macos-arm64, r-release-macos-x86_64, r-release-windows-x86_64, r-oldrel-macos-arm64, r-oldrel-macos-x86_64, r-oldrel-windows-ix86+x86_64