Last updated on 2022-05-04 09:55:58 CEST.
Flavor | Version | Tinstall | Tcheck | Ttotal | Status | Flags |
---|---|---|---|---|---|---|
r-devel-linux-x86_64-debian-clang | 3.3.14 | 110.60 | 288.88 | 399.48 | OK | |
r-devel-linux-x86_64-debian-gcc | 3.3.14 | 98.05 | 214.80 | 312.85 | NOTE | |
r-devel-linux-x86_64-fedora-clang | 3.3.14 | 522.57 | NOTE | |||
r-devel-linux-x86_64-fedora-gcc | 3.3.14 | 509.19 | OK | |||
r-devel-windows-x86_64 | 3.3.14 | 657.00 | 322.00 | 979.00 | OK | |
r-patched-linux-x86_64 | 3.3.14 | 124.00 | 269.11 | 393.11 | OK | |
r-release-linux-x86_64 | 3.3.14 | OK | ||||
r-release-macos-arm64 | 3.3.14 | 107.00 | NOTE | |||
r-release-macos-x86_64 | 3.3.14 | 191.00 | NOTE | |||
r-release-windows-x86_64 | 3.3.14 | 643.00 | 333.00 | 976.00 | OK | |
r-oldrel-macos-arm64 | 3.3.14 | 101.00 | NOTE | |||
r-oldrel-macos-x86_64 | 3.3.14 | 150.00 | NOTE | |||
r-oldrel-windows-ix86+x86_64 | 3.3.14 | 199.00 | 284.00 | 483.00 | NOTE |
Version: 3.3.14
Check: HTML version of manual
Result: NOTE
Found the following problems:
RFspatialGridDataFrame-class.Rd:26:1: Warning: nested emphasis <code>
Flavor: r-devel-linux-x86_64-debian-gcc
Version: 3.3.14
Check: installed package size
Result: NOTE
installed size is 7.8Mb
sub-directories of 1Mb or more:
R 1.6Mb
help 1.2Mb
libs 4.8Mb
Flavors: r-devel-linux-x86_64-fedora-clang, r-release-macos-arm64, r-release-macos-x86_64, r-oldrel-macos-arm64, r-oldrel-macos-x86_64, r-oldrel-windows-ix86+x86_64