Last updated on 2022-05-04 13:54:27 CEST.
Flavor | Version | Tinstall | Tcheck | Ttotal | Status | Flags |
---|---|---|---|---|---|---|
r-devel-linux-x86_64-debian-clang | 1.8-1 | 40.16 | 203.79 | 243.95 | OK | |
r-devel-linux-x86_64-debian-gcc | 1.8-1 | 28.86 | 148.55 | 177.41 | OK | |
r-devel-linux-x86_64-fedora-clang | 1.8-1 | 13.05 | ERROR | |||
r-devel-linux-x86_64-fedora-gcc | 1.8-1 | 13.13 | ERROR | |||
r-devel-windows-x86_64 | 1.8-1 | 66.00 | 172.00 | 238.00 | OK | |
r-patched-linux-x86_64 | 1.8-1 | 41.42 | 194.03 | 235.45 | OK | |
r-release-linux-x86_64 | 1.8-1 | OK | ||||
r-release-macos-arm64 | 1.8-1 | 118.00 | OK | |||
r-release-macos-x86_64 | 1.8-1 | 210.00 | OK | |||
r-release-windows-x86_64 | 1.8-1 | 84.00 | 172.00 | 256.00 | OK | |
r-oldrel-macos-arm64 | 1.8-1 | 134.00 | OK | |||
r-oldrel-macos-x86_64 | 1.8-1 | 190.00 | OK | |||
r-oldrel-windows-ix86+x86_64 | 1.8-1 | 35.00 | 155.00 | 190.00 | OK |
Version: 1.8-1
Check: package dependencies
Result: ERROR
Package required but not available: ‘RandomFields’
See section ‘The DESCRIPTION file’ in the ‘Writing R Extensions’
manual.
Flavors: r-devel-linux-x86_64-fedora-clang, r-devel-linux-x86_64-fedora-gcc