Last updated on 2022-05-04 13:54:33 CEST.
Flavor | Version | Tinstall | Tcheck | Ttotal | Status | Flags |
---|---|---|---|---|---|---|
r-devel-linux-x86_64-debian-clang | 0.1 | 72.29 | 462.61 | 534.90 | NOTE | |
r-devel-linux-x86_64-debian-gcc | 0.1 | 52.17 | 332.56 | 384.73 | NOTE | |
r-devel-linux-x86_64-fedora-clang | 0.1 | 13.60 | ERROR | |||
r-devel-linux-x86_64-fedora-gcc | 0.1 | 13.49 | ERROR | |||
r-devel-windows-x86_64 | 0.1 | 56.00 | 325.00 | 381.00 | NOTE | |
r-patched-linux-x86_64 | 0.1 | 69.33 | 435.09 | 504.42 | NOTE | |
r-release-linux-x86_64 | 0.1 | NOTE | ||||
r-release-macos-arm64 | 0.1 | 266.00 | NOTE | |||
r-release-macos-x86_64 | 0.1 | 539.00 | NOTE | |||
r-release-windows-x86_64 | 0.1 | 52.00 | 324.00 | 376.00 | NOTE | |
r-oldrel-macos-arm64 | 0.1 | 105.00 | NOTE | |||
r-oldrel-macos-x86_64 | 0.1 | 130.00 | NOTE | |||
r-oldrel-windows-ix86+x86_64 | 0.1 | 65.00 | 322.00 | 387.00 | NOTE |
Version: 0.1
Check: LazyData
Result: NOTE
'LazyData' is specified without a 'data' directory
Flavors: r-devel-linux-x86_64-debian-clang, r-devel-linux-x86_64-debian-gcc, r-devel-windows-x86_64, r-patched-linux-x86_64, r-release-linux-x86_64, r-release-macos-arm64, r-release-macos-x86_64, r-release-windows-x86_64, r-oldrel-macos-arm64, r-oldrel-macos-x86_64, r-oldrel-windows-ix86+x86_64
Version: 0.1
Check: package dependencies
Result: ERROR
Package required but not available: ‘geoR’
See section ‘The DESCRIPTION file’ in the ‘Writing R Extensions’
manual.
Flavors: r-devel-linux-x86_64-fedora-clang, r-devel-linux-x86_64-fedora-gcc
Version: 0.1
Check: dependencies in R code
Result: NOTE
Namespace in Imports field not imported from: ‘Rcpp’
All declared Imports should be used.
Flavors: r-release-macos-arm64, r-release-macos-x86_64, r-oldrel-macos-arm64, r-oldrel-macos-x86_64