Last updated on 2022-05-04 13:54:39 CEST.
| Flavor | Version | Tinstall | Tcheck | Ttotal | Status | Flags | 
|---|---|---|---|---|---|---|
| r-devel-linux-x86_64-debian-clang | 0.3-5 | 14.17 | 140.33 | 154.50 | OK | |
| r-devel-linux-x86_64-debian-gcc | 0.3-5 | 12.30 | 101.57 | 113.87 | OK | |
| r-devel-linux-x86_64-fedora-clang | 0.3-5 | 14.02 | ERROR | |||
| r-devel-linux-x86_64-fedora-gcc | 0.3-5 | 13.10 | ERROR | |||
| r-devel-windows-x86_64 | 0.3-5 | 21.00 | 142.00 | 163.00 | OK | |
| r-patched-linux-x86_64 | 0.3-5 | 12.95 | 131.99 | 144.94 | OK | |
| r-release-linux-x86_64 | 0.3-5 | OK | ||||
| r-release-macos-arm64 | 0.3-5 | 59.00 | OK | |||
| r-release-macos-x86_64 | 0.3-5 | 88.00 | OK | |||
| r-release-windows-x86_64 | 0.3-5 | 23.00 | 145.00 | 168.00 | OK | |
| r-oldrel-macos-arm64 | 0.3-5 | 54.00 | OK | |||
| r-oldrel-macos-x86_64 | 0.3-5 | 72.00 | OK | |||
| r-oldrel-windows-ix86+x86_64 | 0.3-5 | 18.00 | 97.00 | 115.00 | OK | 
Version: 0.3-5
Check: package dependencies
Result: ERROR
    Package required but not available: ‘RandomFields’
    
    See section ‘The DESCRIPTION file’ in the ‘Writing R Extensions’
    manual.
Flavors: r-devel-linux-x86_64-fedora-clang, r-devel-linux-x86_64-fedora-gcc