Last updated on 2022-05-06 18:49:28 CEST.
Flavor | Version | Tinstall | Tcheck | Ttotal | Status | Flags |
---|---|---|---|---|---|---|
r-devel-linux-x86_64-debian-clang | 0.0.4 | 2.67 | 44.03 | 46.70 | NOTE | |
r-devel-linux-x86_64-debian-gcc | 0.0.4 | 1.89 | 33.61 | 35.50 | NOTE | |
r-devel-linux-x86_64-fedora-clang | 0.0.4 | 56.00 | NOTE | |||
r-devel-linux-x86_64-fedora-gcc | 0.0.4 | 53.77 | NOTE | |||
r-devel-windows-x86_64 | 0.0.4 | 15.00 | 65.00 | 80.00 | NOTE | |
r-patched-linux-x86_64 | 0.0.4 | 2.45 | 40.58 | 43.03 | NOTE | |
r-release-linux-x86_64 | 0.0.4 | 2.53 | 42.46 | 44.99 | NOTE | |
r-release-macos-arm64 | 0.0.4 | 18.00 | NOTE | |||
r-release-macos-x86_64 | 0.0.4 | 32.00 | NOTE | |||
r-release-windows-x86_64 | 0.0.4 | 14.00 | 66.00 | 80.00 | NOTE | |
r-oldrel-macos-arm64 | 0.0.4 | 24.00 | NOTE | |||
r-oldrel-macos-x86_64 | 0.0.4 | 38.00 | NOTE | |||
r-oldrel-windows-ix86+x86_64 | 0.0.4 | 7.00 | 53.00 | 60.00 | NOTE |
Version: 0.0.4
Check: LazyData
Result: NOTE
'LazyData' is specified without a 'data' directory
Flavors: r-devel-linux-x86_64-debian-clang, r-devel-linux-x86_64-debian-gcc, r-devel-linux-x86_64-fedora-clang, r-devel-linux-x86_64-fedora-gcc, r-devel-windows-x86_64, r-patched-linux-x86_64, r-release-linux-x86_64, r-release-macos-arm64, r-release-macos-x86_64, r-release-windows-x86_64, r-oldrel-macos-arm64, r-oldrel-macos-x86_64, r-oldrel-windows-ix86+x86_64
Version: 0.0.4
Check: package vignettes
Result: NOTE
Package vignette with placeholder title 'Vignette Title':
'Introduction.Rmd'
Flavors: r-devel-linux-x86_64-debian-clang, r-devel-linux-x86_64-debian-gcc, r-devel-windows-x86_64, r-patched-linux-x86_64, r-release-linux-x86_64, r-release-windows-x86_64, r-oldrel-windows-ix86+x86_64