Last updated on 2022-05-06 18:49:35 CEST.
Flavor | Version | Tinstall | Tcheck | Ttotal | Status | Flags |
---|---|---|---|---|---|---|
r-devel-linux-x86_64-debian-clang | 0.1-1 | 2.74 | 83.56 | 86.30 | WARN | |
r-devel-linux-x86_64-debian-gcc | 0.1-1 | 2.72 | 63.66 | 66.38 | WARN | |
r-devel-linux-x86_64-fedora-clang | 0.1-1 | 69.86 | WARN | |||
r-devel-linux-x86_64-fedora-gcc | 0.1-1 | 67.29 | WARN | |||
r-devel-windows-x86_64 | 0.1-1 | 15.00 | 77.00 | 92.00 | NOTE | |
r-patched-linux-x86_64 | 0.1-1 | 4.86 | 50.74 | 55.60 | WARN | |
r-release-linux-x86_64 | 0.1-1 | 3.05 | 76.71 | 79.76 | WARN | |
r-release-macos-arm64 | 0.1-1 | 35.00 | NOTE | |||
r-release-macos-x86_64 | 0.1-1 | 52.00 | NOTE | |||
r-release-windows-x86_64 | 0.1-1 | 14.00 | 81.00 | 95.00 | NOTE | |
r-oldrel-macos-arm64 | 0.1-1 | 29.00 | NOTE | |||
r-oldrel-macos-x86_64 | 0.1-1 | 37.00 | NOTE | |||
r-oldrel-windows-ix86+x86_64 | 0.1-1 | 6.00 | 69.00 | 75.00 | NOTE |
Version: 0.1-1
Check: LazyData
Result: NOTE
'LazyData' is specified without a 'data' directory
Flavors: r-devel-linux-x86_64-debian-clang, r-devel-linux-x86_64-debian-gcc, r-devel-linux-x86_64-fedora-clang, r-devel-linux-x86_64-fedora-gcc, r-devel-windows-x86_64, r-patched-linux-x86_64, r-release-linux-x86_64, r-release-macos-arm64, r-release-macos-x86_64, r-release-windows-x86_64, r-oldrel-macos-arm64, r-oldrel-macos-x86_64, r-oldrel-windows-ix86+x86_64
Version: 0.1-1
Check: sizes of PDF files under ‘inst/doc’
Result: WARN
'gs+qpdf' made some significant size reductions:
compacted 'onls.pdf' from 365Kb to 110Kb
consider running tools::compactPDF(gs_quality = "ebook") on these files
Flavors: r-devel-linux-x86_64-debian-clang, r-devel-linux-x86_64-debian-gcc, r-devel-linux-x86_64-fedora-clang, r-devel-linux-x86_64-fedora-gcc, r-patched-linux-x86_64, r-release-linux-x86_64