Last updated on 2022-05-06 18:49:41 CEST.
Flavor | Version | Tinstall | Tcheck | Ttotal | Status | Flags |
---|---|---|---|---|---|---|
r-devel-linux-x86_64-debian-clang | 1.0-6 | 2.67 | 44.43 | 47.10 | WARN | |
r-devel-linux-x86_64-debian-gcc | 1.0-6 | 3.01 | 33.70 | 36.71 | WARN | |
r-devel-linux-x86_64-fedora-clang | 1.0-6 | 57.35 | WARN | |||
r-devel-linux-x86_64-fedora-gcc | 1.0-6 | 55.80 | WARN | |||
r-devel-windows-x86_64 | 1.0-6 | 62.00 | 61.00 | 123.00 | WARN | |
r-patched-linux-x86_64 | 1.0-6 | 4.29 | 43.62 | 47.91 | NOTE | |
r-release-linux-x86_64 | 1.0-6 | 2.40 | 42.75 | 45.15 | NOTE | |
r-release-macos-arm64 | 1.0-6 | 20.00 | NOTE | |||
r-release-macos-x86_64 | 1.0-6 | 31.00 | NOTE | |||
r-release-windows-x86_64 | 1.0-6 | 21.00 | 59.00 | 80.00 | NOTE | |
r-oldrel-macos-arm64 | 1.0-6 | 26.00 | NOTE | |||
r-oldrel-macos-x86_64 | 1.0-6 | 34.00 | NOTE | |||
r-oldrel-windows-ix86+x86_64 | 1.0-6 | 7.00 | 54.00 | 61.00 | NOTE |
Version: 1.0-6
Check: dependencies in R code
Result: NOTE
Packages in Depends field not imported from:
'ade4' 'corpcor'
These packages need to be imported from (in the NAMESPACE file)
for when this namespace is loaded but not attached.
Flavors: r-devel-linux-x86_64-debian-clang, r-devel-linux-x86_64-debian-gcc, r-devel-linux-x86_64-fedora-clang, r-devel-linux-x86_64-fedora-gcc, r-devel-windows-x86_64, r-patched-linux-x86_64, r-release-linux-x86_64, r-release-macos-arm64, r-release-macos-x86_64, r-release-windows-x86_64, r-oldrel-macos-arm64, r-oldrel-macos-x86_64, r-oldrel-windows-ix86+x86_64
Version: 1.0-6
Check: R code for possible problems
Result: NOTE
filter.PCA.default: no visible global function definition for
'princomp'
filter.mRMR.default: no visible global function definition for
'discretize'
gaussian.default: no visible global function definition for 'cov'
gaussian.default: no visible global function definition for
'cov.shrink'
plot.verify.cv: no visible global function definition for 'points'
plot.verify.ho: no visible global function definition for 'points'
plot.verify.loo: no visible global function definition for 'points'
predict.dpa1: no visible global function definition for 'cor'
predict.filter.PCA: no visible global function definition for 'predict'
predict.filter.RegressionTreeFilter: no visible global function
definition for 'is.struct'
predict.filter.RegressionTreeFilter: no visible global function
definition for 'var'
simulator.Simple1: no visible global function definition for 'rnorm'
verify.ho.default: no visible global function definition for 'predict'
verify.loo.default: no visible global function definition for 'predict'
Undefined global functions or variables:
cor cov cov.shrink discretize is.struct points predict princomp rnorm
var
Consider adding
importFrom("graphics", "points")
importFrom("stats", "cor", "cov", "predict", "princomp", "rnorm",
"var")
to your NAMESPACE file.
Flavors: r-devel-linux-x86_64-debian-clang, r-devel-linux-x86_64-debian-gcc, r-devel-linux-x86_64-fedora-clang, r-devel-linux-x86_64-fedora-gcc, r-devel-windows-x86_64, r-patched-linux-x86_64, r-release-linux-x86_64, r-release-macos-arm64, r-release-macos-x86_64, r-release-windows-x86_64, r-oldrel-macos-arm64, r-oldrel-macos-x86_64, r-oldrel-windows-ix86+x86_64
Version: 1.0-6
Check: Rd files
Result: WARN
checkRd: (7) dpa1.Rd:30: invalid email address: gbonte@ulb.ac.be@ulb.ac.be
checkRd: (7) filter.MAX.Rd:27: invalid email address: gbonte@ulb.ac.be@ulb.ac.be
checkRd: (7) filter.NULL.Rd:24: invalid email address: gbonte@ulb.ac.be@ulb.ac.be
checkRd: (7) filter.PCA.Rd:32: invalid email address: gbonte@ulb.ac.be@ulb.ac.be
checkRd: (7) filter.RegressionTreeFilter.Rd:31: invalid email address: gbonte@ulb.ac.be@ulb.ac.be
checkRd: (7) filter.mRMR.Rd:33: invalid email address: gbonte@ulb.ac.be@ulb.ac.be
checkRd: (7) gaussian.Rd:33: invalid email address: gbonte@ulb.ac.be@ulb.ac.be
checkRd: (7) plot.verify.cv.Rd:21: invalid email address: gbonte@ulb.ac.be@ulb.ac.be
checkRd: (7) plot.verify.ho.Rd:21: invalid email address: gbonte@ulb.ac.be@ulb.ac.be
checkRd: (7) plot.verify.loo.Rd:21: invalid email address: gbonte@ulb.ac.be@ulb.ac.be
checkRd: (7) powerC.Rd:27: invalid email address: gbonte@ulb.ac.be@ulb.ac.be
checkRd: (7) simulator.Simple1.Rd:33: invalid email address: gbonte@ulb.ac.be@ulb.ac.be
checkRd: (7) verify.cv.Rd:36: invalid email address: gbonte@ulb.ac.be@ulb.ac.be
checkRd: (7) verify.ho.Rd:38: invalid email address: gbonte@ulb.ac.be@ulb.ac.be
checkRd: (7) verify.loo.Rd:36: invalid email address: gbonte@ulb.ac.be@ulb.ac.be
Flavors: r-devel-linux-x86_64-debian-clang, r-devel-linux-x86_64-debian-gcc, r-devel-linux-x86_64-fedora-clang, r-devel-linux-x86_64-fedora-gcc, r-devel-windows-x86_64
Version: 1.0-6
Check: Rd line widths
Result: NOTE
Rd file 'plot.verify.ho.Rd':
\examples lines wider than 100 characters:
attack=verify.ho(model=gaussian,filter=filter.PCA,Xlearn=traces[1:128,],Ylearn=key[1:128],Xval=traces[129:256,],Yval=key[129:256],nbreV ... [TRUNCATED]
Rd file 'sideChannelAttack-package.Rd':
\examples lines wider than 100 characters:
attack=verify.ho(model=gaussian,filter=filter.PCA,Xlearn=traces[1:128,],Ylearn=key[1:128],Xval=traces[129:256,],Yval=key[129:256],nbreV ... [TRUNCATED]
Rd file 'verify.ho.Rd':
\usage lines wider than 90 characters:
verify.ho(model, filter, Xlearn, Ylearn, Xval, Yval, nbreVarX, param.model=list(), param.fs=list(), ...)
\examples lines wider than 100 characters:
attack=verify.ho(model=gaussian,filter=filter.PCA,Xlearn=traces[1:128,],Ylearn=key[1:128],Xval=traces[128:256,],Yval=key[128:256],nbreV ... [TRUNCATED]
These lines will be truncated in the PDF manual.
Flavors: r-devel-linux-x86_64-debian-clang, r-devel-linux-x86_64-debian-gcc, r-devel-linux-x86_64-fedora-clang, r-devel-linux-x86_64-fedora-gcc, r-patched-linux-x86_64, r-release-linux-x86_64