Last updated on 2022-05-07 14:52:16 CEST.
Flavor | Version | Tinstall | Tcheck | Ttotal | Status | Flags |
---|---|---|---|---|---|---|
r-devel-linux-x86_64-debian-clang | 1.1 | 7.21 | 41.83 | 49.04 | NOTE | |
r-devel-linux-x86_64-debian-gcc | 1.1 | 4.50 | 32.03 | 36.53 | NOTE | |
r-devel-linux-x86_64-fedora-clang | 1.1 | 15.56 | ERROR | |||
r-devel-linux-x86_64-fedora-gcc | 1.1 | 59.43 | NOTE | |||
r-devel-windows-x86_64 | 1.1 | 22.00 | 62.00 | 84.00 | NOTE | |
r-patched-linux-x86_64 | 1.1 | 7.21 | 40.52 | 47.73 | OK | |
r-release-linux-x86_64 | 1.1 | 5.38 | 40.92 | 46.30 | OK | |
r-release-macos-arm64 | 1.1 | 20.00 | OK | |||
r-release-macos-x86_64 | 1.1 | 32.00 | OK | |||
r-release-windows-x86_64 | 1.1 | 19.00 | 73.00 | 92.00 | OK | |
r-oldrel-macos-arm64 | 1.1 | 26.00 | OK | |||
r-oldrel-macos-x86_64 | 1.1 | 36.00 | OK | |||
r-oldrel-windows-ix86+x86_64 | 1.1 | 18.00 | 67.00 | 85.00 | OK |
Version: 1.1
Check: Rd files
Result: NOTE
checkRd: (7) predict_dim.Rd:22: \item in \describe must have non-empty label
Flavors: r-devel-linux-x86_64-debian-clang, r-devel-linux-x86_64-debian-gcc, r-devel-linux-x86_64-fedora-gcc, r-devel-windows-x86_64
Version: 1.1
Check: whether package can be installed
Result: ERROR
Installation failed.
Flavor: r-devel-linux-x86_64-fedora-clang