Last updated on 2022-05-07 14:52:28 CEST.
Flavor | Version | Tinstall | Tcheck | Ttotal | Status | Flags |
---|---|---|---|---|---|---|
r-devel-linux-x86_64-debian-clang | 1.0-10-2 | 9.28 | 100.39 | 109.67 | OK | |
r-devel-linux-x86_64-debian-gcc | 1.0-10-2 | 7.86 | 75.68 | 83.54 | OK | |
r-devel-linux-x86_64-fedora-clang | 1.0-10-2 | 14.80 | ERROR | |||
r-devel-linux-x86_64-fedora-gcc | 1.0-10-2 | 132.11 | OK | |||
r-devel-windows-x86_64 | 1.0-10-2 | 23.00 | 120.00 | 143.00 | OK | |
r-patched-linux-x86_64 | 1.0-10-2 | 15.71 | 95.18 | 110.89 | OK | |
r-release-linux-x86_64 | 1.0-10-2 | 12.63 | 95.11 | 107.74 | OK | |
r-release-macos-arm64 | 1.0-10-2 | 37.00 | OK | |||
r-release-macos-x86_64 | 1.0-10-2 | 74.00 | OK | |||
r-release-windows-x86_64 | 1.0-10-2 | 22.00 | 122.00 | 144.00 | OK | |
r-oldrel-macos-arm64 | 1.0-10-2 | 54.00 | OK | |||
r-oldrel-macos-x86_64 | 1.0-10-2 | 66.00 | OK | |||
r-oldrel-windows-ix86+x86_64 | 1.0-10-2 | 29.00 | 137.00 | 166.00 | OK |
Version: 1.0-10-2
Check: whether package can be installed
Result: ERROR
Installation failed.
Flavor: r-devel-linux-x86_64-fedora-clang