Last updated on 2022-05-07 14:52:17 CEST.
Flavor | Version | Tinstall | Tcheck | Ttotal | Status | Flags |
---|---|---|---|---|---|---|
r-devel-linux-x86_64-debian-clang | 1.1-4 | 25.82 | 77.68 | 103.50 | OK | |
r-devel-linux-x86_64-debian-gcc | 1.1-4 | 20.18 | 59.03 | 79.21 | OK | |
r-devel-linux-x86_64-fedora-clang | 1.1-4 | 39.40 | ERROR | |||
r-devel-linux-x86_64-fedora-gcc | 1.1-4 | 127.94 | OK | |||
r-devel-windows-x86_64 | 1.1-4 | 30.00 | 145.00 | 175.00 | OK | |
r-patched-linux-x86_64 | 1.1-4 | 17.86 | 74.14 | 92.00 | OK | |
r-release-linux-x86_64 | 1.1-4 | 15.14 | 74.23 | 89.37 | OK | |
r-release-macos-arm64 | 1.1-4 | 40.00 | OK | |||
r-release-macos-x86_64 | 1.1-4 | 58.00 | OK | |||
r-release-windows-x86_64 | 1.1-4 | 31.00 | 149.00 | 180.00 | OK | |
r-oldrel-macos-arm64 | 1.1-4 | 44.00 | OK | |||
r-oldrel-macos-x86_64 | 1.1-4 | 73.00 | OK | |||
r-oldrel-windows-ix86+x86_64 | 1.1-4 | 59.00 | 145.00 | 204.00 | OK |
Version: 1.1-4
Check: whether package can be installed
Result: ERROR
Installation failed.
Flavor: r-devel-linux-x86_64-fedora-clang