Last updated on 2022-05-07 14:52:17 CEST.
Flavor | Version | Tinstall | Tcheck | Ttotal | Status | Flags |
---|---|---|---|---|---|---|
r-devel-linux-x86_64-debian-clang | 2.2 | 6.51 | 59.77 | 66.28 | OK | |
r-devel-linux-x86_64-debian-gcc | 2.2 | 4.41 | 45.22 | 49.63 | OK | |
r-devel-linux-x86_64-fedora-clang | 2.2 | 14.60 | ERROR | |||
r-devel-linux-x86_64-fedora-gcc | 2.2 | 77.10 | OK | |||
r-devel-windows-x86_64 | 2.2 | 44.00 | 88.00 | 132.00 | OK | |
r-patched-linux-x86_64 | 2.2 | 5.78 | 57.38 | 63.16 | OK | |
r-release-linux-x86_64 | 2.2 | 5.93 | 57.15 | 63.08 | OK | |
r-release-macos-arm64 | 2.2 | 26.00 | OK | |||
r-release-macos-x86_64 | 2.2 | 42.00 | OK | |||
r-release-windows-x86_64 | 2.2 | 48.00 | 86.00 | 134.00 | OK | |
r-oldrel-macos-arm64 | 2.2 | 37.00 | OK | |||
r-oldrel-macos-x86_64 | 2.2 | 47.00 | OK | |||
r-oldrel-windows-ix86+x86_64 | 2.2 | 15.00 | 86.00 | 101.00 | OK |
Version: 2.2
Check: whether package can be installed
Result: ERROR
Installation failed.
Flavor: r-devel-linux-x86_64-fedora-clang