Last updated on 2022-05-07 14:52:21 CEST.
Flavor | Version | Tinstall | Tcheck | Ttotal | Status | Flags |
---|---|---|---|---|---|---|
r-devel-linux-x86_64-debian-clang | 1.0.1 | 5.47 | 30.86 | 36.33 | NOTE | |
r-devel-linux-x86_64-debian-gcc | 1.0.1 | 3.27 | 23.67 | 26.94 | NOTE | |
r-devel-linux-x86_64-fedora-clang | 1.0.1 | 17.09 | ERROR | |||
r-devel-linux-x86_64-fedora-gcc | 1.0.1 | 41.80 | NOTE | |||
r-devel-windows-x86_64 | 1.0.1 | 16.00 | 49.00 | 65.00 | NOTE | |
r-patched-linux-x86_64 | 1.0.1 | 4.73 | 29.53 | 34.26 | NOTE | |
r-release-linux-x86_64 | 1.0.1 | 4.42 | 29.67 | 34.09 | NOTE | |
r-release-macos-arm64 | 1.0.1 | 19.00 | NOTE | |||
r-release-macos-x86_64 | 1.0.1 | 26.00 | NOTE | |||
r-release-windows-x86_64 | 1.0.1 | 13.00 | 48.00 | 61.00 | NOTE | |
r-oldrel-macos-arm64 | 1.0.1 | 22.00 | NOTE | |||
r-oldrel-macos-x86_64 | 1.0.1 | 28.00 | NOTE | |||
r-oldrel-windows-ix86+x86_64 | 1.0.1 | 13.00 | 38.00 | 51.00 | NOTE |
Version: 1.0.1
Check: LazyData
Result: NOTE
'LazyData' is specified without a 'data' directory
Flavors: r-devel-linux-x86_64-debian-clang, r-devel-linux-x86_64-debian-gcc, r-devel-linux-x86_64-fedora-gcc, r-devel-windows-x86_64, r-patched-linux-x86_64, r-release-linux-x86_64, r-release-macos-arm64, r-release-macos-x86_64, r-release-windows-x86_64, r-oldrel-macos-arm64, r-oldrel-macos-x86_64, r-oldrel-windows-ix86+x86_64
Version: 1.0.1
Check: whether package can be installed
Result: ERROR
Installation failed.
Flavor: r-devel-linux-x86_64-fedora-clang