Last updated on 2022-05-07 14:52:23 CEST.
Flavor | Version | Tinstall | Tcheck | Ttotal | Status | Flags |
---|---|---|---|---|---|---|
r-devel-linux-x86_64-debian-clang | 1.2.3 | 5.70 | 34.76 | 40.46 | OK | |
r-devel-linux-x86_64-debian-gcc | 1.2.3 | 4.81 | 26.85 | 31.66 | OK | |
r-devel-linux-x86_64-fedora-clang | 1.2.3 | 14.42 | ERROR | |||
r-devel-linux-x86_64-fedora-gcc | 1.2.3 | 48.14 | OK | |||
r-devel-windows-x86_64 | 1.2.3 | 22.00 | 52.00 | 74.00 | OK | |
r-patched-linux-x86_64 | 1.2.3 | 4.86 | 34.10 | 38.96 | OK | |
r-release-linux-x86_64 | 1.2.3 | 4.30 | 33.17 | 37.47 | OK | |
r-release-macos-arm64 | 1.2.3 | 17.00 | OK | |||
r-release-macos-x86_64 | 1.2.3 | 31.00 | OK | |||
r-release-windows-x86_64 | 1.2.3 | 11.00 | 52.00 | 63.00 | OK | |
r-oldrel-macos-arm64 | 1.2.3 | 19.00 | OK | |||
r-oldrel-macos-x86_64 | 1.2.3 | 32.00 | OK | |||
r-oldrel-windows-ix86+x86_64 | 1.2.3 | 11.00 | 54.00 | 65.00 | OK |
Version: 1.2.3
Check: whether package can be installed
Result: ERROR
Installation failed.
Flavor: r-devel-linux-x86_64-fedora-clang