Last updated on 2022-05-07 14:52:31 CEST.
Flavor | Version | Tinstall | Tcheck | Ttotal | Status | Flags |
---|---|---|---|---|---|---|
r-devel-linux-x86_64-debian-clang | 1.1 | 2.80 | 28.58 | 31.38 | OK | |
r-devel-linux-x86_64-debian-gcc | 1.1 | 2.14 | 22.72 | 24.86 | OK | |
r-devel-linux-x86_64-fedora-clang | 1.1 | 13.88 | ERROR | |||
r-devel-linux-x86_64-fedora-gcc | 1.1 | 37.94 | OK | |||
r-devel-windows-x86_64 | 1.1 | 10.00 | 51.00 | 61.00 | OK | |
r-patched-linux-x86_64 | 1.1 | 2.80 | 28.50 | 31.30 | OK | |
r-release-linux-x86_64 | 1.1 | 2.50 | 28.57 | 31.07 | OK | |
r-release-macos-arm64 | 1.1 | 15.00 | OK | |||
r-release-macos-x86_64 | 1.1 | 24.00 | OK | |||
r-release-windows-x86_64 | 1.1 | 8.00 | 50.00 | 58.00 | OK | |
r-oldrel-macos-arm64 | 1.1 | 19.00 | OK | |||
r-oldrel-macos-x86_64 | 1.1 | 26.00 | OK | |||
r-oldrel-windows-ix86+x86_64 | 1.1 | 8.00 | 29.00 | 37.00 | OK |
Version: 1.1
Check: whether package can be installed
Result: ERROR
Installation failed.
Flavor: r-devel-linux-x86_64-fedora-clang