Last updated on 2022-05-07 14:52:33 CEST.
| Flavor | Version | Tinstall | Tcheck | Ttotal | Status | Flags | 
|---|---|---|---|---|---|---|
| r-devel-linux-x86_64-debian-clang | 0.1.7 | 20.06 | 55.86 | 75.92 | OK | |
| r-devel-linux-x86_64-debian-gcc | 0.1.7 | 13.49 | 42.07 | 55.56 | OK | |
| r-devel-linux-x86_64-fedora-clang | 0.1.7 | 33.80 | ERROR | |||
| r-devel-linux-x86_64-fedora-gcc | 0.1.7 | 86.46 | OK | |||
| r-devel-windows-x86_64 | 0.1.7 | 31.00 | 102.00 | 133.00 | OK | |
| r-patched-linux-x86_64 | 0.1.7 | 15.52 | 52.68 | 68.20 | OK | |
| r-release-linux-x86_64 | 0.1.7 | 14.09 | 53.42 | 67.51 | OK | |
| r-release-macos-arm64 | 0.1.7 | 30.00 | OK | |||
| r-release-macos-x86_64 | 0.1.7 | 59.00 | OK | |||
| r-release-windows-x86_64 | 0.1.7 | 34.00 | 95.00 | 129.00 | OK | |
| r-oldrel-macos-arm64 | 0.1.7 | 28.00 | OK | |||
| r-oldrel-macos-x86_64 | 0.1.7 | 39.00 | OK | |||
| r-oldrel-windows-ix86+x86_64 | 0.1.7 | 46.00 | 94.00 | 140.00 | NOTE | 
Version: 0.1.7
Check: whether package can be installed
Result: ERROR
    Installation failed.
Flavor: r-devel-linux-x86_64-fedora-clang
Version: 0.1.7
Check: installed package size
Result: NOTE
      installed size is  5.4Mb
      sub-directories of 1Mb or more:
        data   3.0Mb
        libs   2.1Mb
Flavor: r-oldrel-windows-ix86+x86_64