Last updated on 2022-05-09 17:52:24 CEST.
Flavor | Version | Tinstall | Tcheck | Ttotal | Status | Flags |
---|---|---|---|---|---|---|
r-devel-linux-x86_64-debian-clang | 1.1 | 26.72 | 284.32 | 311.04 | NOTE | |
r-devel-linux-x86_64-debian-gcc | 1.1 | 21.94 | 206.51 | 228.45 | NOTE | |
r-devel-linux-x86_64-fedora-clang | 1.1 | 367.00 | NOTE | |||
r-devel-linux-x86_64-fedora-gcc | 1.1 | 358.54 | NOTE | |||
r-devel-windows-x86_64 | 1.1 | 26.00 | 275.00 | 301.00 | NOTE | |
r-patched-linux-x86_64 | 1.1 | 24.81 | 268.82 | 293.63 | NOTE | |
r-release-linux-x86_64 | 1.1 | 28.52 | 281.45 | 309.97 | NOTE | |
r-release-macos-arm64 | 1.1 | 93.00 | NOTE | |||
r-release-macos-x86_64 | 1.1 | 199.00 | NOTE | |||
r-release-windows-x86_64 | 1.1 | 27.00 | 276.00 | 303.00 | NOTE | |
r-oldrel-macos-arm64 | 1.1 | 66.00 | NOTE | |||
r-oldrel-macos-x86_64 | 1.1 | 88.00 | NOTE | |||
r-oldrel-windows-ix86+x86_64 | 1.1 | 64.00 | 276.00 | 340.00 | NOTE |
Version: 1.1
Check: R code for possible problems
Result: NOTE
AMOEBA : Classi: no visible global function definition for 'sd'
Undefined global functions or variables:
sd
Consider adding
importFrom("stats", "sd")
to your NAMESPACE file.
Flavors: r-devel-linux-x86_64-debian-clang, r-devel-linux-x86_64-debian-gcc, r-devel-linux-x86_64-fedora-clang, r-devel-linux-x86_64-fedora-gcc, r-devel-windows-x86_64, r-patched-linux-x86_64, r-release-linux-x86_64, r-release-macos-arm64, r-release-macos-x86_64, r-release-windows-x86_64, r-oldrel-macos-arm64, r-oldrel-macos-x86_64, r-oldrel-windows-ix86+x86_64