Last updated on 2022-05-09 09:50:42 CEST.
Flavor | Version | Tinstall | Tcheck | Ttotal | Status | Flags |
---|---|---|---|---|---|---|
r-devel-linux-x86_64-debian-clang | 0.3.4 | 8.25 | 90.49 | 98.74 | NOTE | |
r-devel-linux-x86_64-debian-gcc | 0.3.4 | 5.44 | 66.10 | 71.54 | NOTE | |
r-devel-linux-x86_64-fedora-clang | 0.3.4 | 115.54 | OK | |||
r-devel-linux-x86_64-fedora-gcc | 0.3.4 | 110.49 | OK | |||
r-devel-windows-x86_64 | 0.3.4 | 19.00 | 104.00 | 123.00 | NOTE | |
r-patched-linux-x86_64 | 0.3.4 | 8.16 | 84.17 | 92.33 | NOTE | |
r-release-linux-x86_64 | 0.3.4 | 7.03 | 85.51 | 92.54 | NOTE | |
r-release-macos-arm64 | 0.3.4 | 37.00 | OK | |||
r-release-macos-x86_64 | 0.3.4 | 65.00 | OK | |||
r-release-windows-x86_64 | 0.3.4 | 21.00 | 103.00 | 124.00 | NOTE | |
r-oldrel-macos-arm64 | 0.3.4 | 52.00 | OK | |||
r-oldrel-macos-x86_64 | 0.3.4 | 71.00 | OK | |||
r-oldrel-windows-ix86+x86_64 | 0.3.4 | 18.00 | 96.00 | 114.00 | NOTE |
Version: 0.3.4
Check: package vignettes
Result: NOTE
Package vignette with placeholder title 'Vignette Title':
'vignette.Rmd'
Flavors: r-devel-linux-x86_64-debian-clang, r-devel-linux-x86_64-debian-gcc, r-devel-windows-x86_64, r-patched-linux-x86_64, r-release-linux-x86_64, r-release-windows-x86_64, r-oldrel-windows-ix86+x86_64