Last updated on 2022-05-09 17:52:32 CEST.
| Flavor | Version | Tinstall | Tcheck | Ttotal | Status | Flags | 
|---|---|---|---|---|---|---|
| r-devel-linux-x86_64-debian-clang | 1.0 | 2.33 | 36.65 | 38.98 | NOTE | |
| r-devel-linux-x86_64-debian-gcc | 1.0 | 2.00 | 28.78 | 30.78 | NOTE | |
| r-devel-linux-x86_64-fedora-clang | 1.0 | 50.59 | NOTE | |||
| r-devel-linux-x86_64-fedora-gcc | 1.0 | 48.71 | NOTE | |||
| r-devel-windows-x86_64 | 1.0 | 101.00 | 57.00 | 158.00 | NOTE | |
| r-patched-linux-x86_64 | 1.0 | 2.78 | 35.79 | 38.57 | NOTE | |
| r-release-linux-x86_64 | 1.0 | 2.50 | 35.92 | 38.42 | NOTE | |
| r-release-macos-arm64 | 1.0 | 17.00 | NOTE | |||
| r-release-macos-x86_64 | 1.0 | 32.00 | NOTE | |||
| r-release-windows-x86_64 | 1.0 | 30.00 | 58.00 | 88.00 | NOTE | |
| r-oldrel-macos-arm64 | 1.0 | 21.00 | NOTE | |||
| r-oldrel-macos-x86_64 | 1.0 | 40.00 | NOTE | |||
| r-oldrel-windows-ix86+x86_64 | 1.0 | 5.00 | 48.00 | 53.00 | NOTE | 
Version: 1.0
Check: R code for possible problems
Result: NOTE
    fit.one.harmonic: no visible global function definition for 'var'
    fit.one.harmonic: no visible global function definition for 'lm'
    fit.one.harmonic: no visible binding for global variable 'na.exclude'
    fit.one.harmonic: no visible global function definition for 'fitted'
    fit.one.harmonic: no visible global function definition for 'coef'
    fit.one.harmonic: no visible global function definition for 'residuals'
    fit.one.harmonic.trend: no visible global function definition for 'lm'
    fit.one.harmonic.trend: no visible binding for global variable
      'na.exclude'
    fit.one.harmonic.trend: no visible global function definition for
      'fitted'
    fit.one.harmonic.trend: no visible global function definition for
      'coef'
    fit.one.harmonic.trend: no visible global function definition for
      'residuals'
    harmonic.f.test: no visible global function definition for 'pf'
    harmonic.regression.matrix: no visible global function definition for
      'lm'
    harmonic.regression.matrix: no visible global function definition for
      'fitted'
    harmonic.regression.matrix: no visible global function definition for
      'coef'
    harmonic.regression.matrix: no visible binding for global variable
      'var'
    harmonic.regression.matrix: no visible global function definition for
      'residuals'
    harmonic.regression.matrix: no visible global function definition for
      'p.adjust'
    harmonic.regression.matrix.trend: no visible global function definition
      for 'lm'
    harmonic.regression.matrix.trend: no visible global function definition
      for 'fitted'
    harmonic.regression.matrix.trend: no visible global function definition
      for 'coef'
    harmonic.regression.matrix.trend: no visible global function definition
      for 'residuals'
    harmonic.regression.matrix.trend: no visible global function definition
      for 'p.adjust'
    harmonic.regression.nas: no visible global function definition for
      'p.adjust'
    harmonic.regression.nas.trend: no visible global function definition
      for 'p.adjust'
    normalize.one.ts: no visible global function definition for 'lm'
    normalize.one.ts: no visible binding for global variable 'na.exclude'
    normalize.one.ts: no visible global function definition for 'fitted'
    normalize.one.ts: no visible global function definition for 'coef'
    normalize.ts.matrix: no visible global function definition for 'lm'
    normalize.ts.matrix: no visible global function definition for 'fitted'
    normalize.ts.matrix: no visible global function definition for 'coef'
    Undefined global functions or variables:
      coef fitted lm na.exclude p.adjust pf residuals var
    Consider adding
      importFrom("stats", "coef", "fitted", "lm", "na.exclude", "p.adjust",
                 "pf", "residuals", "var")
    to your NAMESPACE file.
Flavors: r-devel-linux-x86_64-debian-clang, r-devel-linux-x86_64-debian-gcc, r-devel-linux-x86_64-fedora-clang, r-devel-linux-x86_64-fedora-gcc, r-devel-windows-x86_64, r-patched-linux-x86_64, r-release-linux-x86_64, r-release-macos-arm64, r-release-macos-x86_64, r-release-windows-x86_64, r-oldrel-macos-arm64, r-oldrel-macos-x86_64, r-oldrel-windows-ix86+x86_64