Last updated on 2022-05-09 17:52:35 CEST.
Flavor | Version | Tinstall | Tcheck | Ttotal | Status | Flags |
---|---|---|---|---|---|---|
r-devel-linux-x86_64-debian-clang | 1.0 | 5.79 | 65.92 | 71.71 | NOTE | |
r-devel-linux-x86_64-debian-gcc | 1.0 | 4.76 | 49.20 | 53.96 | NOTE | |
r-devel-linux-x86_64-fedora-clang | 1.0 | 85.71 | NOTE | |||
r-devel-linux-x86_64-fedora-gcc | 1.0 | 85.52 | NOTE | |||
r-devel-windows-x86_64 | 1.0 | 11.00 | 78.00 | 89.00 | NOTE | |
r-patched-linux-x86_64 | 1.0 | 5.92 | 61.48 | 67.40 | NOTE | |
r-release-linux-x86_64 | 1.0 | 5.93 | 62.07 | 68.00 | NOTE | |
r-release-macos-arm64 | 1.0 | 24.00 | NOTE | |||
r-release-macos-x86_64 | 1.0 | 44.00 | NOTE | |||
r-release-windows-x86_64 | 1.0 | 11.00 | 79.00 | 90.00 | NOTE | |
r-oldrel-macos-arm64 | 1.0 | 28.00 | NOTE | |||
r-oldrel-macos-x86_64 | 1.0 | 41.00 | NOTE | |||
r-oldrel-windows-ix86+x86_64 | 1.0 | 15.00 | 83.00 | 98.00 | NOTE |
Version: 1.0
Check: DESCRIPTION meta-information
Result: NOTE
Malformed Description field: should contain one or more complete sentences.
Flavors: r-devel-linux-x86_64-debian-clang, r-devel-linux-x86_64-debian-gcc, r-devel-linux-x86_64-fedora-clang, r-devel-linux-x86_64-fedora-gcc, r-devel-windows-x86_64, r-patched-linux-x86_64, r-release-linux-x86_64, r-release-macos-arm64, r-release-macos-x86_64, r-release-windows-x86_64, r-oldrel-macos-arm64, r-oldrel-macos-x86_64, r-oldrel-windows-ix86+x86_64
Version: 1.0
Check: R code for possible problems
Result: NOTE
getdata: no visible global function definition for 'read.csv'
plotdata: no visible global function definition for 'head'
Undefined global functions or variables:
head read.csv
Consider adding
importFrom("utils", "head", "read.csv")
to your NAMESPACE file.
Flavors: r-devel-linux-x86_64-debian-clang, r-devel-linux-x86_64-debian-gcc, r-devel-linux-x86_64-fedora-clang, r-devel-linux-x86_64-fedora-gcc, r-devel-windows-x86_64, r-patched-linux-x86_64, r-release-linux-x86_64, r-release-macos-arm64, r-release-macos-x86_64, r-release-windows-x86_64, r-oldrel-macos-arm64, r-oldrel-macos-x86_64, r-oldrel-windows-ix86+x86_64