Last updated on 2022-05-09 09:50:55 CEST.
Flavor | Version | Tinstall | Tcheck | Ttotal | Status | Flags |
---|---|---|---|---|---|---|
r-devel-linux-x86_64-debian-clang | 1.0 | 4.16 | 233.68 | 237.84 | NOTE | |
r-devel-linux-x86_64-debian-gcc | 1.0 | 3.20 | 190.02 | 193.22 | NOTE | |
r-devel-linux-x86_64-fedora-clang | 1.0 | 285.87 | NOTE | |||
r-devel-linux-x86_64-fedora-gcc | 1.0 | 298.08 | NOTE | |||
r-devel-windows-x86_64 | 1.0 | 13.00 | 293.00 | 306.00 | NOTE | |
r-patched-linux-x86_64 | 1.0 | 3.76 | 236.44 | 240.20 | NOTE | |
r-release-linux-x86_64 | 1.0 | 4.00 | 230.19 | 234.19 | NOTE | |
r-release-macos-arm64 | 1.0 | 179.00 | NOTE | |||
r-release-macos-x86_64 | 1.0 | 328.00 | NOTE | |||
r-release-windows-x86_64 | 1.0 | 11.00 | 297.00 | 308.00 | NOTE | |
r-oldrel-macos-arm64 | 1.0 | 200.00 | NOTE | |||
r-oldrel-macos-x86_64 | 1.0 | 375.00 | NOTE | |||
r-oldrel-windows-ix86+x86_64 | 1.0 | 8.00 | 294.00 | 302.00 | NOTE |
Version: 1.0
Check: DESCRIPTION meta-information
Result: NOTE
Malformed Title field: should not end in a period.
Flavors: r-devel-linux-x86_64-debian-clang, r-devel-linux-x86_64-debian-gcc, r-devel-linux-x86_64-fedora-clang, r-devel-linux-x86_64-fedora-gcc, r-devel-windows-x86_64, r-patched-linux-x86_64, r-release-linux-x86_64, r-release-macos-arm64, r-release-macos-x86_64, r-release-windows-x86_64, r-oldrel-macos-arm64, r-oldrel-macos-x86_64, r-oldrel-windows-ix86+x86_64
Version: 1.0
Check: R code for possible problems
Result: NOTE
CalGIF: no visible binding for global variable 'PAGIData'
CalGIF2: no visible binding for global variable 'PAGIData'
PAGI.Main: no visible binding for global variable 'PAGIData'
PAGI.Main: no visible global function definition for 'p.adjust'
PAGI.Main: no visible global function definition for 'pt'
getclass.labels: no visible binding for global variable 'ExampleData'
getdataset: no visible binding for global variable 'ExampleData'
Undefined global functions or variables:
ExampleData PAGIData p.adjust pt
Consider adding
importFrom("stats", "p.adjust", "pt")
to your NAMESPACE file.
Flavors: r-devel-linux-x86_64-debian-clang, r-devel-linux-x86_64-debian-gcc, r-devel-linux-x86_64-fedora-clang, r-devel-linux-x86_64-fedora-gcc, r-devel-windows-x86_64, r-patched-linux-x86_64, r-release-linux-x86_64, r-release-macos-arm64, r-release-macos-x86_64, r-release-windows-x86_64, r-oldrel-macos-arm64, r-oldrel-macos-x86_64, r-oldrel-windows-ix86+x86_64
Version: 1.0
Check: Rd line widths
Result: NOTE
Rd file 'CalGIF.Rd':
\examples lines wider than 100 characters:
###calculate the global influence factor (GIF) by using the random walk with restart (RWR) algorithm###
Rd file 'PAGI.Main.Rd':
\examples lines wider than 100 characters:
#Its columns include "Gene number in the (sorted) pathway", "gene symbol from the gene express data",
#"location of the gene in the sorted gene list", "the T-score of gene between two biological states",
#Its columns include "Gene number in the (sorted) pathway", "gene symbol from the gene express data",
#"location of the gene in the sorted gene list", "the T-score of gene between two biological states",
These lines will be truncated in the PDF manual.
Flavors: r-devel-linux-x86_64-debian-clang, r-devel-linux-x86_64-debian-gcc, r-devel-linux-x86_64-fedora-clang, r-devel-linux-x86_64-fedora-gcc, r-patched-linux-x86_64, r-release-linux-x86_64
Version: 1.0
Check: installed package size
Result: NOTE
installed size is 5.0Mb
sub-directories of 1Mb or more:
data 1.6Mb
localdata 3.1Mb
Flavor: r-devel-linux-x86_64-fedora-clang