Last updated on 2022-05-09 09:50:57 CEST.
Flavor | Version | Tinstall | Tcheck | Ttotal | Status | Flags |
---|---|---|---|---|---|---|
r-devel-linux-x86_64-debian-clang | 0.3 | 3.34 | 72.92 | 76.26 | NOTE | |
r-devel-linux-x86_64-debian-gcc | 0.3 | 3.14 | 72.63 | 75.77 | NOTE | |
r-devel-linux-x86_64-fedora-clang | 0.3 | 90.54 | NOTE | |||
r-devel-linux-x86_64-fedora-gcc | 0.3 | 86.84 | NOTE | |||
r-devel-windows-x86_64 | 0.3 | 15.00 | 126.00 | 141.00 | NOTE | |
r-patched-linux-x86_64 | 0.3 | 3.61 | 68.86 | 72.47 | NOTE | |
r-release-linux-x86_64 | 0.3 | 3.95 | 67.45 | 71.40 | NOTE | |
r-release-macos-arm64 | 0.3 | 26.00 | NOTE | |||
r-release-macos-x86_64 | 0.3 | 47.00 | NOTE | |||
r-release-windows-x86_64 | 0.3 | 13.00 | 139.00 | 152.00 | NOTE | |
r-oldrel-macos-arm64 | 0.3 | 34.00 | NOTE | |||
r-oldrel-macos-x86_64 | 0.3 | 51.00 | NOTE | |||
r-oldrel-windows-ix86+x86_64 | 0.3 | 10.00 | 148.00 | 158.00 | NOTE |
Version: 0.3
Check: DESCRIPTION meta-information
Result: NOTE
Malformed Description field: should contain one or more complete sentences.
Flavors: r-devel-linux-x86_64-debian-clang, r-devel-linux-x86_64-debian-gcc, r-devel-linux-x86_64-fedora-clang, r-devel-linux-x86_64-fedora-gcc, r-devel-windows-x86_64, r-patched-linux-x86_64, r-release-linux-x86_64, r-release-macos-arm64, r-release-macos-x86_64, r-release-windows-x86_64, r-oldrel-macos-arm64, r-oldrel-macos-x86_64, r-oldrel-windows-ix86+x86_64
Version: 0.3
Check: R code for possible problems
Result: NOTE
MDMnMod: no visible global function definition for 'model.frame'
MDMnMod: no visible global function definition for 'model.response'
MDMnMod: no visible global function definition for 'model.matrix'
MDMnMod: no visible binding for global variable 'sd'
NBLogl: no visible global function definition for 'dnbinom'
TLogl: no visible global function definition for 'dnbinom'
TLogl: no visible global function definition for 'dpois'
TLogl.c: no visible global function definition for 'dpois'
TLogl.old: no visible global function definition for 'dnbinom'
TLogl.old: no visible global function definition for 'dpois'
estimate.dirichletMultinomial: no visible global function definition
for 'nlminb'
estimate.dirichletMultinomial: no visible global function definition
for 'qnorm'
estimate.modifiedDMn: no visible global function definition for
'nlminb'
estimate.multinomial: no visible global function definition for
'nlminb'
estimate.multinomial: no visible global function definition for
'dbinom'
estimate.multinomial: no visible global function definition for 'qnorm'
negBinMod: no visible global function definition for 'model.frame'
negBinMod: no visible global function definition for 'model.response'
negBinMod: no visible global function definition for 'model.matrix'
negBinMod: no visible binding for global variable 'sd'
negBinMod: no visible global function definition for 'model.offset'
negBinMod: no visible global function definition for 'nlminb'
negBinMod: no visible global function definition for 'dnbinom'
negBinMod: no visible global function definition for 'qnorm'
predict.MDMnMod: no visible global function definition for
'model.frame'
predict.negBinMod: no visible global function definition for
'model.frame'
predict.negBinMod: no visible global function definition for 'rnbinom'
predict.truncMod: no visible global function definition for
'model.frame'
predict.truncMod: no visible global function definition for 'dnbinom'
predict.truncMod: no visible global function definition for 'dpois'
predict.truncMod: no visible global function definition for 'runif'
predict.truncMod: no visible global function definition for 'tail'
sumLogl: no visible global function definition for 'dmultinom'
truncMod: no visible global function definition for 'model.frame'
truncMod: no visible global function definition for 'model.response'
truncMod: no visible global function definition for 'model.matrix'
truncMod: no visible binding for global variable 'sd'
truncMod: no visible global function definition for 'model.offset'
truncMod: no visible global function definition for 'glm'
truncMod: no visible global function definition for 'poisson'
truncMod: no visible global function definition for 'nlminb'
truncMod: no visible global function definition for 'glm.control'
truncMod: no visible global function definition for 'dpois'
truncMod: no visible global function definition for 'dnbinom'
truncMod: no visible global function definition for 'qnorm'
Undefined global functions or variables:
dbinom dmultinom dnbinom dpois glm glm.control model.frame
model.matrix model.offset model.response nlminb poisson qnorm rnbinom
runif sd tail
Consider adding
importFrom("stats", "dbinom", "dmultinom", "dnbinom", "dpois", "glm",
"glm.control", "model.frame", "model.matrix",
"model.offset", "model.response", "nlminb", "poisson",
"qnorm", "rnbinom", "runif", "sd")
importFrom("utils", "tail")
to your NAMESPACE file.
Flavors: r-devel-linux-x86_64-debian-clang, r-devel-linux-x86_64-debian-gcc, r-devel-linux-x86_64-fedora-clang, r-devel-linux-x86_64-fedora-gcc, r-devel-windows-x86_64, r-patched-linux-x86_64, r-release-linux-x86_64, r-release-macos-arm64, r-release-macos-x86_64, r-release-windows-x86_64, r-oldrel-macos-arm64, r-oldrel-macos-x86_64, r-oldrel-windows-ix86+x86_64
Version: 0.3
Check: Rd line widths
Result: NOTE
Rd file 'MDMnMod.Rd':
\usage lines wider than 90 characters:
MDMnMod(MDMn.form, data, ID, dist="MDMn", scale.covar=FALSE, est.var=TRUE, calc.resid=TRUE, trace=TRUE)
\examples lines wider than 100 characters:
model.nij <- MDMnMod(nij.form, data=n.data, ID=n.data$i, dist="MDMn", scale.covar=TRUE, est.var=FALSE, calc.resid=TRUE, trace=TRUE)
Rd file 'predict.MDMnMod.Rd':
\examples lines wider than 100 characters:
model.nij <- MDMnMod(nij.form, data=n.data, ID=n.data$i, dist="MDMn", scale.covar=TRUE, est.var=TRUE, calc.resid=TRUE, trace=TRUE)
Rd file 'truncMod.Rd':
\usage lines wider than 90 characters:
truncMod(trunc.form, trunc.pts, data, dist = 'NB', scale.covar=FALSE, est.var = TRUE, trace = TRUE)
These lines will be truncated in the PDF manual.
Flavors: r-devel-linux-x86_64-debian-clang, r-devel-linux-x86_64-debian-gcc, r-devel-linux-x86_64-fedora-clang, r-devel-linux-x86_64-fedora-gcc, r-patched-linux-x86_64, r-release-linux-x86_64
Version: 0.3
Check: compiled code
Result: NOTE
File ‘RAD/libs/RAD.so’:
Found no calls to: ‘R_registerRoutines’, ‘R_useDynamicSymbols’
It is good practice to register native routines and to disable symbol
search.
See ‘Writing portable packages’ in the ‘Writing R Extensions’ manual.
Flavors: r-devel-linux-x86_64-fedora-clang, r-devel-linux-x86_64-fedora-gcc