Last updated on 2022-05-09 09:51:02 CEST.
Flavor | Version | Tinstall | Tcheck | Ttotal | Status | Flags |
---|---|---|---|---|---|---|
r-devel-linux-x86_64-debian-clang | 0.1.0 | 2.01 | 31.93 | 33.94 | NOTE | |
r-devel-linux-x86_64-debian-gcc | 0.1.0 | 1.48 | 24.78 | 26.26 | NOTE | |
r-devel-linux-x86_64-fedora-clang | 0.1.0 | 43.94 | OK | |||
r-devel-linux-x86_64-fedora-gcc | 0.1.0 | 39.92 | OK | |||
r-devel-windows-x86_64 | 0.1.0 | 48.00 | 50.00 | 98.00 | NOTE | |
r-patched-linux-x86_64 | 0.1.0 | 2.01 | 31.20 | 33.21 | NOTE | |
r-release-linux-x86_64 | 0.1.0 | 1.52 | 31.44 | 32.96 | NOTE | |
r-release-macos-arm64 | 0.1.0 | 17.00 | OK | |||
r-release-macos-x86_64 | 0.1.0 | 26.00 | OK | |||
r-release-windows-x86_64 | 0.1.0 | 108.00 | 50.00 | 158.00 | NOTE | |
r-oldrel-macos-arm64 | 0.1.0 | 19.00 | OK | |||
r-oldrel-macos-x86_64 | 0.1.0 | 36.00 | OK | |||
r-oldrel-windows-ix86+x86_64 | 0.1.0 | 5.00 | 43.00 | 48.00 | NOTE |
Version: 0.1.0
Check: package vignettes
Result: NOTE
Package vignette with placeholder title 'Vignette Title':
'SolveRationalMatrixEquation.Rmd'
Flavors: r-devel-linux-x86_64-debian-clang, r-devel-linux-x86_64-debian-gcc, r-devel-windows-x86_64, r-patched-linux-x86_64, r-release-linux-x86_64, r-release-windows-x86_64, r-oldrel-windows-ix86+x86_64