Last updated on 2022-05-09 09:51:05 CEST.
Flavor | Version | Tinstall | Tcheck | Ttotal | Status | Flags |
---|---|---|---|---|---|---|
r-devel-linux-x86_64-debian-clang | 1.0.1 | 7.21 | 72.61 | 79.82 | NOTE | |
r-devel-linux-x86_64-debian-gcc | 1.0.1 | 5.78 | 53.98 | 59.76 | NOTE | |
r-devel-linux-x86_64-fedora-clang | 1.0.1 | 92.61 | NOTE | |||
r-devel-linux-x86_64-fedora-gcc | 1.0.1 | 89.76 | NOTE | |||
r-devel-windows-x86_64 | 1.0.1 | 12.00 | 87.00 | 99.00 | NOTE | |
r-patched-linux-x86_64 | 1.0.1 | 5.15 | 66.90 | 72.05 | NOTE | |
r-release-linux-x86_64 | 1.0.1 | 4.48 | 66.68 | 71.16 | NOTE | |
r-release-macos-arm64 | 1.0.1 | 30.00 | NOTE | |||
r-release-macos-x86_64 | 1.0.1 | 49.00 | NOTE | |||
r-release-windows-x86_64 | 1.0.1 | 15.00 | 87.00 | 102.00 | NOTE | |
r-oldrel-macos-arm64 | 1.0.1 | 34.00 | NOTE | |||
r-oldrel-macos-x86_64 | 1.0.1 | 50.00 | NOTE | |||
r-oldrel-windows-ix86+x86_64 | 1.0.1 | 18.00 | 80.00 | 98.00 | NOTE |
Version: 1.0.1
Check: package vignettes
Result: NOTE
Package vignette with placeholder title 'Vignette Title':
'ZipRadius.Rmd'
Flavors: r-devel-linux-x86_64-debian-clang, r-devel-linux-x86_64-debian-gcc, r-devel-windows-x86_64, r-patched-linux-x86_64, r-release-linux-x86_64, r-release-windows-x86_64, r-oldrel-windows-ix86+x86_64
Version: 1.0.1
Check: dependencies in R code
Result: NOTE
Namespaces in Imports field not imported from:
‘ggplot2’ ‘testthat’
All declared Imports should be used.
Flavors: r-devel-linux-x86_64-fedora-clang, r-devel-linux-x86_64-fedora-gcc, r-release-macos-arm64, r-release-macos-x86_64, r-oldrel-macos-arm64, r-oldrel-macos-x86_64