Last updated on 2022-05-09 11:51:43 CEST.
| Flavor | Version | Tinstall | Tcheck | Ttotal | Status | Flags | 
|---|---|---|---|---|---|---|
| r-devel-linux-x86_64-debian-clang | 1.0.2 | 5.39 | 75.51 | 80.90 | NOTE | |
| r-devel-linux-x86_64-debian-gcc | 1.0.2 | 5.17 | 55.80 | 60.97 | NOTE | |
| r-devel-linux-x86_64-fedora-clang | 1.0.2 | 97.25 | NOTE | |||
| r-devel-linux-x86_64-fedora-gcc | 1.0.2 | 93.83 | NOTE | |||
| r-devel-windows-x86_64 | 1.0.2 | 11.00 | 85.00 | 96.00 | NOTE | |
| r-patched-linux-x86_64 | 1.0.2 | 5.48 | 69.82 | 75.30 | NOTE | |
| r-release-linux-x86_64 | 1.0.2 | 4.85 | 71.48 | 76.33 | NOTE | |
| r-release-macos-arm64 | 1.0.2 | 29.00 | NOTE | |||
| r-release-macos-x86_64 | 1.0.2 | 48.00 | NOTE | |||
| r-release-windows-x86_64 | 1.0.2 | 10.00 | 88.00 | 98.00 | NOTE | |
| r-oldrel-macos-arm64 | 1.0.2 | 33.00 | NOTE | |||
| r-oldrel-macos-x86_64 | 1.0.2 | 54.00 | NOTE | |||
| r-oldrel-windows-ix86+x86_64 | 1.0.2 | 16.00 | 86.00 | 102.00 | NOTE | 
Version: 1.0.2
Check: R code for possible problems
Result: NOTE
    VPC.graph : findQuantile: no visible global function definition for
      'quantile'
    VPC.graph : findQuantileCI : <anonymous>: no visible global function
      definition for 'quantile'
    asVPC.binW: no visible global function definition for 'median'
    asVPC.binW : <anonymous>: no visible global function definition for
      'quantile'
    asVPC.binW: no visible global function definition for 'quantile'
    asVPC.distanceW: no visible global function definition for 'median'
    asVPC.distanceW : <anonymous>: no visible global function definition
      for 'quantile'
    asVPC.distanceW: no visible global function definition for 'quantile'
    makeCOVbin: no visible global function definition for 'quantile'
    makeCOVbin: no visible global function definition for 'median'
    read_Simdata: no visible global function definition for 'read.table'
    Undefined global functions or variables:
      median quantile read.table
    Consider adding
      importFrom("stats", "median", "quantile")
      importFrom("utils", "read.table")
    to your NAMESPACE file.
Flavors: r-devel-linux-x86_64-debian-clang, r-devel-linux-x86_64-debian-gcc, r-devel-linux-x86_64-fedora-clang, r-devel-linux-x86_64-fedora-gcc, r-devel-windows-x86_64, r-patched-linux-x86_64, r-release-linux-x86_64, r-release-macos-arm64, r-release-macos-x86_64, r-release-windows-x86_64, r-oldrel-macos-arm64, r-oldrel-macos-x86_64, r-oldrel-windows-ix86+x86_64