Last updated on 2022-05-09 09:50:43 CEST.
Flavor | Version | Tinstall | Tcheck | Ttotal | Status | Flags |
---|---|---|---|---|---|---|
r-devel-linux-x86_64-debian-clang | 3.0 | 4.17 | 76.77 | 80.94 | NOTE | |
r-devel-linux-x86_64-debian-gcc | 3.0 | 2.87 | 54.54 | 57.41 | NOTE | |
r-devel-linux-x86_64-fedora-clang | 3.0 | 93.00 | NOTE | |||
r-devel-linux-x86_64-fedora-gcc | 3.0 | 93.59 | NOTE | |||
r-devel-windows-x86_64 | 3.0 | 19.00 | 82.00 | 101.00 | NOTE | |
r-patched-linux-x86_64 | 3.0 | 3.87 | 78.09 | 81.96 | NOTE | |
r-release-linux-x86_64 | 3.0 | 3.67 | 76.05 | 79.72 | NOTE | |
r-release-macos-arm64 | 3.0 | 57.00 | NOTE | |||
r-release-macos-x86_64 | 3.0 | 42.00 | NOTE | |||
r-release-windows-x86_64 | 3.0 | 10.00 | 80.00 | 90.00 | NOTE | |
r-oldrel-macos-arm64 | 3.0 | 31.00 | NOTE | |||
r-oldrel-macos-x86_64 | 3.0 | 45.00 | NOTE | |||
r-oldrel-windows-ix86+x86_64 | 3.0 | 6.00 | 89.00 | 95.00 | NOTE |
Version: 3.0
Check: DESCRIPTION meta-information
Result: NOTE
Malformed Description field: should contain one or more complete sentences.
Flavors: r-devel-linux-x86_64-debian-clang, r-devel-linux-x86_64-debian-gcc, r-devel-linux-x86_64-fedora-clang, r-devel-linux-x86_64-fedora-gcc, r-devel-windows-x86_64, r-patched-linux-x86_64, r-release-linux-x86_64, r-release-macos-arm64, r-release-macos-x86_64, r-release-windows-x86_64, r-oldrel-macos-arm64, r-oldrel-macos-x86_64, r-oldrel-windows-ix86+x86_64
Version: 3.0
Check: R code for possible problems
Result: NOTE
specdens: no visible global function definition for 'quantile'
Undefined global functions or variables:
quantile
Consider adding
importFrom("stats", "quantile")
to your NAMESPACE file.
Flavors: r-devel-linux-x86_64-debian-clang, r-devel-linux-x86_64-debian-gcc, r-devel-linux-x86_64-fedora-clang, r-devel-linux-x86_64-fedora-gcc, r-devel-windows-x86_64, r-patched-linux-x86_64, r-release-linux-x86_64, r-release-macos-arm64, r-release-macos-x86_64, r-release-windows-x86_64, r-oldrel-macos-arm64, r-oldrel-macos-x86_64, r-oldrel-windows-ix86+x86_64
Version: 3.0
Check: Rd line widths
Result: NOTE
Rd file 'specdens.Rd':
\examples lines wider than 100 characters:
#the first 20 values of the
#time series Nile and WWWusage
These lines will be truncated in the PDF manual.
Flavors: r-devel-linux-x86_64-debian-clang, r-devel-linux-x86_64-debian-gcc, r-devel-linux-x86_64-fedora-clang, r-devel-linux-x86_64-fedora-gcc, r-patched-linux-x86_64, r-release-linux-x86_64