Last updated on 2022-05-09 09:50:43 CEST.
Flavor | Version | Tinstall | Tcheck | Ttotal | Status | Flags |
---|---|---|---|---|---|---|
r-devel-linux-x86_64-debian-clang | 0.1.0 | 7.36 | 78.94 | 86.30 | NOTE | |
r-devel-linux-x86_64-debian-gcc | 0.1.0 | 7.47 | 58.97 | 66.44 | NOTE | |
r-devel-linux-x86_64-fedora-clang | 0.1.0 | 105.13 | NOTE | |||
r-devel-linux-x86_64-fedora-gcc | 0.1.0 | 100.82 | NOTE | |||
r-devel-windows-x86_64 | 0.1.0 | 84.00 | 96.00 | 180.00 | NOTE | |
r-patched-linux-x86_64 | 0.1.0 | 8.77 | 75.28 | 84.05 | NOTE | |
r-release-linux-x86_64 | 0.1.0 | 8.59 | 74.52 | 83.11 | NOTE | |
r-release-macos-arm64 | 0.1.0 | 31.00 | NOTE | |||
r-release-macos-x86_64 | 0.1.0 | 49.00 | NOTE | |||
r-release-windows-x86_64 | 0.1.0 | 83.00 | 96.00 | 179.00 | NOTE | |
r-oldrel-macos-arm64 | 0.1.0 | 37.00 | NOTE | |||
r-oldrel-macos-x86_64 | 0.1.0 | 53.00 | NOTE | |||
r-oldrel-windows-ix86+x86_64 | 0.1.0 | 21.00 | 86.00 | 107.00 | NOTE |
Version: 0.1.0
Check: package vignettes
Result: NOTE
Package vignette with placeholder title 'Vignette Title':
'cartools.Rmd'
Flavors: r-devel-linux-x86_64-debian-clang, r-devel-linux-x86_64-debian-gcc, r-devel-windows-x86_64, r-patched-linux-x86_64, r-release-linux-x86_64, r-release-windows-x86_64, r-oldrel-windows-ix86+x86_64
Version: 0.1.0
Check: dependencies in R code
Result: NOTE
Namespaces in Imports field not imported from:
‘animation’ ‘devtools’ ‘gapminder’ ‘knitr’ ‘rlist’ ‘rmarkdown’
‘roxygen2’ ‘sde’ ‘shiny’ ‘tidyverse’ ‘usethis’ ‘utils’
All declared Imports should be used.
Flavors: r-devel-linux-x86_64-fedora-clang, r-devel-linux-x86_64-fedora-gcc, r-release-macos-arm64, r-release-macos-x86_64, r-oldrel-macos-arm64, r-oldrel-macos-x86_64