Last updated on 2022-05-09 09:50:43 CEST.
Flavor | Version | Tinstall | Tcheck | Ttotal | Status | Flags |
---|---|---|---|---|---|---|
r-devel-linux-x86_64-debian-clang | 0.2.6 | 2.21 | 35.20 | 37.41 | NOTE | |
r-devel-linux-x86_64-debian-gcc | 0.2.6 | 1.93 | 26.86 | 28.79 | NOTE | |
r-devel-linux-x86_64-fedora-clang | 0.2.6 | 46.07 | NOTE | |||
r-devel-linux-x86_64-fedora-gcc | 0.2.6 | 44.33 | NOTE | |||
r-devel-windows-x86_64 | 0.2.6 | 19.00 | 50.00 | 69.00 | NOTE | |
r-patched-linux-x86_64 | 0.2.6 | 2.53 | 33.82 | 36.35 | NOTE | |
r-release-linux-x86_64 | 0.2.6 | 2.19 | 34.41 | 36.60 | NOTE | |
r-release-macos-arm64 | 0.2.6 | 16.00 | NOTE | |||
r-release-macos-x86_64 | 0.2.6 | 28.00 | NOTE | |||
r-release-windows-x86_64 | 0.2.6 | 21.00 | 51.00 | 72.00 | NOTE | |
r-oldrel-macos-arm64 | 0.2.6 | 20.00 | NOTE | |||
r-oldrel-macos-x86_64 | 0.2.6 | 28.00 | NOTE | |||
r-oldrel-windows-ix86+x86_64 | 0.2.6 | 5.00 | 44.00 | 49.00 | NOTE |
Version: 0.2.6
Check: R code for possible problems
Result: NOTE
VD: no visible binding for global variable 'var'
stratcc : <anonymous>: no visible global function definition for
'hclust'
stratcc : <anonymous>: no visible global function definition for
'cutree'
Undefined global functions or variables:
cutree hclust var
Consider adding
importFrom("stats", "cutree", "hclust", "var")
to your NAMESPACE file.
Flavors: r-devel-linux-x86_64-debian-clang, r-devel-linux-x86_64-debian-gcc, r-devel-linux-x86_64-fedora-clang, r-devel-linux-x86_64-fedora-gcc, r-devel-windows-x86_64, r-patched-linux-x86_64, r-release-linux-x86_64, r-release-macos-arm64, r-release-macos-x86_64, r-release-windows-x86_64, r-oldrel-macos-arm64, r-oldrel-macos-x86_64, r-oldrel-windows-ix86+x86_64
Version: 0.2.6
Check: Rd line widths
Result: NOTE
Rd file 'stratcc.Rd':
\usage lines wider than 90 characters:
stratcc(x, groups, alloc = "Pro", fraction = 0.1, clustering = FALSE, cluster_method = "ward")
These lines will be truncated in the PDF manual.
Flavors: r-devel-linux-x86_64-debian-clang, r-devel-linux-x86_64-debian-gcc, r-devel-linux-x86_64-fedora-clang, r-devel-linux-x86_64-fedora-gcc, r-patched-linux-x86_64, r-release-linux-x86_64