Last updated on 2022-05-09 17:52:26 CEST.
| Flavor | Version | Tinstall | Tcheck | Ttotal | Status | Flags | 
|---|---|---|---|---|---|---|
| r-devel-linux-x86_64-debian-clang | 1.0 | 2.59 | 44.24 | 46.83 | NOTE | |
| r-devel-linux-x86_64-debian-gcc | 1.0 | 2.19 | 33.75 | 35.94 | NOTE | |
| r-devel-linux-x86_64-fedora-clang | 1.0 | 55.90 | NOTE | |||
| r-devel-linux-x86_64-fedora-gcc | 1.0 | 53.68 | NOTE | |||
| r-devel-windows-x86_64 | 1.0 | 50.00 | 57.00 | 107.00 | NOTE | |
| r-patched-linux-x86_64 | 1.0 | 2.41 | 42.38 | 44.79 | NOTE | |
| r-release-linux-x86_64 | 1.0 | 2.40 | 41.99 | 44.39 | NOTE | |
| r-release-macos-arm64 | 1.0 | 19.00 | NOTE | |||
| r-release-macos-x86_64 | 1.0 | 29.00 | NOTE | |||
| r-release-windows-x86_64 | 1.0 | 7.00 | 56.00 | 63.00 | NOTE | |
| r-oldrel-macos-arm64 | 1.0 | 24.00 | NOTE | |||
| r-oldrel-macos-x86_64 | 1.0 | 31.00 | NOTE | |||
| r-oldrel-windows-ix86+x86_64 | 1.0 | 5.00 | 35.00 | 40.00 | NOTE | 
Version: 1.0
Check: R code for possible problems
Result: NOTE
    doHclust: no visible global function definition for 'hclust'
    doHclust: no visible global function definition for 'cutree'
    doKmeans: no visible global function definition for 'kmeans'
    gap: no visible global function definition for 'hasArg'
    gap: no visible global function definition for 'modifyList'
    gap: no visible binding for global variable 'sd'
    get.threshold: no visible global function definition for 'hclust'
    get.threshold: no visible global function definition for 'quantile'
    getDist: no visible global function definition for 'dist'
    getDist: no visible global function definition for 'as.dist'
    getDist: no visible global function definition for 'cor'
    part: no visible global function definition for 'modifyList'
    plotColorRange: no visible global function definition for 'abline'
    plotColorRange: no visible global function definition for 'axis'
    plotColorRange: no visible global function definition for 'rgb'
    plotColorRange: no visible global function definition for 'polygon'
    plotColorbarCol: no visible global function definition for 'polygon'
    plotColorbarRow: no visible global function definition for 'polygon'
    plotForkCol: no visible global function definition for 'lines'
    plotForkRow: no visible global function definition for 'lines'
    plotHeatmap: no visible global function definition for 'rgb'
    plotHeatmap: no visible global function definition for 'plot.xy'
    plotHeatmap: no visible global function definition for 'xy.coords'
    plotHeatmap: no visible global function definition for 'polygon'
    sim: no visible global function definition for 'runif'
    Undefined global functions or variables:
      abline as.dist axis cor cutree dist hasArg hclust kmeans lines
      modifyList plot.xy polygon quantile rgb runif sd xy.coords
    Consider adding
      importFrom("grDevices", "rgb", "xy.coords")
      importFrom("graphics", "abline", "axis", "lines", "plot.xy", "polygon")
      importFrom("methods", "hasArg")
      importFrom("stats", "as.dist", "cor", "cutree", "dist", "hclust",
                 "kmeans", "quantile", "runif", "sd")
      importFrom("utils", "modifyList")
    to your NAMESPACE file (and ensure that your DESCRIPTION Imports field
    contains 'methods').
Flavors: r-devel-linux-x86_64-debian-clang, r-devel-linux-x86_64-debian-gcc, r-devel-linux-x86_64-fedora-clang, r-devel-linux-x86_64-fedora-gcc, r-devel-windows-x86_64, r-patched-linux-x86_64, r-release-linux-x86_64, r-release-macos-arm64, r-release-macos-x86_64, r-release-windows-x86_64, r-oldrel-macos-arm64, r-oldrel-macos-x86_64, r-oldrel-windows-ix86+x86_64