Last updated on 2022-05-09 09:50:44 CEST.
Flavor | Version | Tinstall | Tcheck | Ttotal | Status | Flags |
---|---|---|---|---|---|---|
r-devel-linux-x86_64-debian-clang | 1.0 | 3.58 | 40.94 | 44.52 | NOTE | |
r-devel-linux-x86_64-debian-gcc | 1.0 | 2.81 | 31.23 | 34.04 | NOTE | |
r-devel-linux-x86_64-fedora-clang | 1.0 | 53.49 | NOTE | |||
r-devel-linux-x86_64-fedora-gcc | 1.0 | 51.93 | NOTE | |||
r-devel-windows-x86_64 | 1.0 | 27.00 | 54.00 | 81.00 | NOTE | |
r-patched-linux-x86_64 | 1.0 | 3.78 | 38.46 | 42.24 | NOTE | |
r-release-linux-x86_64 | 1.0 | 3.11 | 38.32 | 41.43 | NOTE | |
r-release-macos-arm64 | 1.0 | 17.00 | NOTE | |||
r-release-macos-x86_64 | 1.0 | 27.00 | NOTE | |||
r-release-windows-x86_64 | 1.0 | 9.00 | 54.00 | 63.00 | NOTE | |
r-oldrel-macos-arm64 | 1.0 | 25.00 | NOTE | |||
r-oldrel-macos-x86_64 | 1.0 | 32.00 | NOTE | |||
r-oldrel-windows-ix86+x86_64 | 1.0 | 7.00 | 34.00 | 41.00 | NOTE |
Version: 1.0
Check: DESCRIPTION meta-information
Result: NOTE
Malformed Description field: should contain one or more complete sentences.
Flavors: r-devel-linux-x86_64-debian-clang, r-devel-linux-x86_64-debian-gcc, r-devel-linux-x86_64-fedora-clang, r-devel-linux-x86_64-fedora-gcc, r-devel-windows-x86_64, r-patched-linux-x86_64, r-release-linux-x86_64, r-release-macos-arm64, r-release-macos-x86_64, r-release-windows-x86_64, r-oldrel-macos-arm64, r-oldrel-macos-x86_64, r-oldrel-windows-ix86+x86_64
Version: 1.0
Check: R code for possible problems
Result: NOTE
batch.pdf.onepar: no visible global function definition for 'runif'
batch.pdf.onepar: no visible global function definition for 'pdf'
batch.pdf.onepar: no visible global function definition for 'par'
batch.pdf.onepar: no visible global function definition for 'dev.off'
batch.pdf.pairpar: no visible global function definition for 'runif'
batch.pdf.pairpar: no visible global function definition for 'pdf'
batch.pdf.pairpar: no visible global function definition for 'par'
batch.pdf.pairpar: no visible global function definition for 'dev.off'
fast.flexsim: no visible global function definition for 'write.table'
filename.check: no visible global function definition for 'runif'
flex.dispersal: no visible global function definition for 'rnorm'
flexsim: no visible global function definition for 'write.table'
make.heatmap: no visible global function definition for 'axis'
make.heatmap: no visible global function definition for 'mtext'
make.heatmap: no visible global function definition for 'rect'
make.heatmap: no visible global function definition for 'gray'
make.parcomb: no visible global function definition for 'write.table'
plot_n2n: no visible global function definition for 'runif'
plot_n2n: no visible global function definition for 'pdf'
plot_n2n: no visible global function definition for 'par'
plot_n2n: no visible global function definition for 'barplot'
plot_n2n: no visible global function definition for 'text'
plot_n2n: no visible global function definition for 'axis'
plot_n2n: no visible global function definition for 'mtext'
plot_n2n: no visible global function definition for 'dev.off'
read.data: no visible global function definition for 'read.table'
read.data: no visible global function definition for 'count.fields'
read.patchdata: no visible global function definition for
'count.fields'
sim.coarse: no visible global function definition for 'write.table'
sta.mpaircomparison: no visible global function definition for 'var'
sta.paircomparison: no visible global function definition for 'var'
Undefined global functions or variables:
axis barplot count.fields dev.off gray mtext par pdf read.table rect
rnorm runif text var write.table
Consider adding
importFrom("grDevices", "dev.off", "gray", "pdf")
importFrom("graphics", "axis", "barplot", "mtext", "par", "rect",
"text")
importFrom("stats", "rnorm", "runif", "var")
importFrom("utils", "count.fields", "read.table", "write.table")
to your NAMESPACE file.
Flavors: r-devel-linux-x86_64-debian-clang, r-devel-linux-x86_64-debian-gcc, r-devel-linux-x86_64-fedora-clang, r-devel-linux-x86_64-fedora-gcc, r-devel-windows-x86_64, r-patched-linux-x86_64, r-release-linux-x86_64, r-release-macos-arm64, r-release-macos-x86_64, r-release-windows-x86_64, r-oldrel-macos-arm64, r-oldrel-macos-x86_64, r-oldrel-windows-ix86+x86_64
Version: 1.0
Check: Rd line widths
Result: NOTE
Rd file 'fast.flexsim.Rd':
\usage lines wider than 90 characters:
fast.flexsim(scale = 2, island,dispersalscale = 51, allee = 1, T = 1000, initp,parcombination, spnum = 2, sourcetype = "constant", type ... [TRUNCATED]
Rd file 'flexsim.Rd':
\usage lines wider than 90 characters:
flexsim(scale = 2, dispersalscale = 51, allee = 1, T = 1000, prange, initp,spnum = 2, island=10, sourcetype = "constant", type, path = ... [TRUNCATED]
Rd file 'make.heatmap.Rd':
\usage lines wider than 90 characters:
make.heatmap(mat, type = "gray", xname = "x", yname = "y", xlab = NULL, ylab = NULL, title = NULL)
Rd file 'sim.coarse.Rd':
\usage lines wider than 90 characters:
sim.coarse(island=10,scale = 2, dispersalscale = 51, allee = 1, T = 1000, prange, type, initp, path = NULL)
These lines will be truncated in the PDF manual.
Flavors: r-devel-linux-x86_64-debian-clang, r-devel-linux-x86_64-debian-gcc, r-devel-linux-x86_64-fedora-clang, r-devel-linux-x86_64-fedora-gcc, r-patched-linux-x86_64, r-release-linux-x86_64