Last updated on 2022-05-09 09:50:45 CEST.
Flavor | Version | Tinstall | Tcheck | Ttotal | Status | Flags |
---|---|---|---|---|---|---|
r-devel-linux-x86_64-debian-clang | 0.7.1.0 | 15.20 | 144.44 | 159.64 | NOTE | |
r-devel-linux-x86_64-debian-gcc | 0.7.1.0 | 12.00 | 108.61 | 120.61 | NOTE | |
r-devel-linux-x86_64-fedora-clang | 0.7.1.0 | 186.21 | NOTE | |||
r-devel-linux-x86_64-fedora-gcc | 0.7.1.0 | 177.25 | NOTE | |||
r-devel-windows-x86_64 | 0.7.1.0 | 24.00 | 148.00 | 172.00 | NOTE | |
r-patched-linux-x86_64 | 0.7.1.0 | 15.40 | 134.88 | 150.28 | NOTE | |
r-release-linux-x86_64 | 0.7.1.0 | 8.40 | 134.95 | 143.35 | NOTE | |
r-release-macos-arm64 | 0.7.1.0 | 52.00 | NOTE | |||
r-release-macos-x86_64 | 0.7.1.0 | 83.00 | NOTE | |||
r-release-windows-x86_64 | 0.7.1.0 | 25.00 | 152.00 | 177.00 | NOTE | |
r-oldrel-macos-arm64 | 0.7.1.0 | 52.00 | NOTE | |||
r-oldrel-macos-x86_64 | 0.7.1.0 | 97.00 | NOTE | |||
r-oldrel-windows-ix86+x86_64 | 0.7.1.0 | 30.00 | 142.00 | 172.00 | NOTE |
Version: 0.7.1.0
Check: LazyData
Result: NOTE
'LazyData' is specified without a 'data' directory
Flavors: r-devel-linux-x86_64-debian-clang, r-devel-linux-x86_64-debian-gcc, r-devel-linux-x86_64-fedora-clang, r-devel-linux-x86_64-fedora-gcc, r-devel-windows-x86_64, r-patched-linux-x86_64, r-release-linux-x86_64, r-release-macos-arm64, r-release-macos-x86_64, r-release-windows-x86_64, r-oldrel-macos-arm64, r-oldrel-macos-x86_64, r-oldrel-windows-ix86+x86_64
Version: 0.7.1.0
Check: package vignettes
Result: NOTE
Package vignette with placeholder title 'Vignette Title':
'customsteps.Rmd'
Flavors: r-devel-linux-x86_64-debian-clang, r-devel-linux-x86_64-debian-gcc, r-devel-windows-x86_64, r-patched-linux-x86_64, r-release-linux-x86_64, r-release-windows-x86_64, r-oldrel-windows-ix86+x86_64
Version: 0.7.1.0
Check: dependencies in R code
Result: NOTE
Namespaces in Imports field not imported from:
‘rlang’ ‘tidyselect’
All declared Imports should be used.
Flavors: r-devel-linux-x86_64-fedora-clang, r-devel-linux-x86_64-fedora-gcc, r-release-macos-arm64, r-release-macos-x86_64, r-oldrel-macos-arm64, r-oldrel-macos-x86_64