Last updated on 2022-05-09 09:50:45 CEST.
Flavor | Version | Tinstall | Tcheck | Ttotal | Status | Flags |
---|---|---|---|---|---|---|
r-devel-linux-x86_64-debian-clang | 1.0.2 | 15.04 | 126.84 | 141.88 | NOTE | |
r-devel-linux-x86_64-debian-gcc | 1.0.2 | 10.35 | 93.78 | 104.13 | NOTE | |
r-devel-linux-x86_64-fedora-clang | 1.0.2 | 167.75 | NOTE | |||
r-devel-linux-x86_64-fedora-gcc | 1.0.2 | 157.34 | NOTE | |||
r-devel-windows-x86_64 | 1.0.2 | 30.00 | 136.00 | 166.00 | NOTE | |
r-patched-linux-x86_64 | 1.0.2 | 7.88 | 118.00 | 125.88 | NOTE | |
r-release-linux-x86_64 | 1.0.2 | 8.89 | 120.92 | 129.81 | NOTE | |
r-release-macos-arm64 | 1.0.2 | 46.00 | NOTE | |||
r-release-macos-x86_64 | 1.0.2 | 76.00 | NOTE | |||
r-release-windows-x86_64 | 1.0.2 | 33.00 | 137.00 | 170.00 | NOTE | |
r-oldrel-macos-arm64 | 1.0.2 | 50.00 | NOTE | |||
r-oldrel-macos-x86_64 | 1.0.2 | 90.00 | NOTE | |||
r-oldrel-windows-ix86+x86_64 | 1.0.2 | 32.00 | 129.00 | 161.00 | WARN |
Version: 1.0.2
Check: LazyData
Result: NOTE
'LazyData' is specified without a 'data' directory
Flavors: r-devel-linux-x86_64-debian-clang, r-devel-linux-x86_64-debian-gcc, r-devel-linux-x86_64-fedora-clang, r-devel-linux-x86_64-fedora-gcc, r-devel-windows-x86_64, r-patched-linux-x86_64, r-release-linux-x86_64, r-release-macos-arm64, r-release-macos-x86_64, r-release-windows-x86_64, r-oldrel-macos-arm64, r-oldrel-macos-x86_64, r-oldrel-windows-ix86+x86_64
Version: 1.0.2
Check: package vignettes
Result: NOTE
Package vignette with placeholder title 'Vignette Title':
'datadigest.Rmd'
Flavors: r-devel-linux-x86_64-debian-clang, r-devel-linux-x86_64-debian-gcc, r-devel-windows-x86_64, r-patched-linux-x86_64, r-release-linux-x86_64, r-release-windows-x86_64, r-oldrel-windows-ix86+x86_64
Version: 1.0.2
Check: dependencies in R code
Result: NOTE
Namespace in Imports field not imported from: ‘miniUI’
All declared Imports should be used.
Flavors: r-devel-linux-x86_64-fedora-clang, r-devel-linux-x86_64-fedora-gcc, r-release-macos-arm64, r-release-macos-x86_64, r-oldrel-macos-arm64, r-oldrel-macos-x86_64
Version: 1.0.2
Check: re-building of vignette outputs
Result: WARN
Error(s) in re-building vignettes:
--- re-building 'datadigest.Rmd' using rmarkdown
Error: processing vignette 'datadigest.Rmd' failed with diagnostics:
only `math_method = 'mathjax'` is supported with earlier version than Pandoc 2.0
--- failed re-building 'datadigest.Rmd'
SUMMARY: processing the following file failed:
'datadigest.Rmd'
Error: Vignette re-building failed.
Execution halted
Flavor: r-oldrel-windows-ix86+x86_64