Last updated on 2022-05-09 17:52:28 CEST.
Flavor | Version | Tinstall | Tcheck | Ttotal | Status | Flags |
---|---|---|---|---|---|---|
r-devel-linux-x86_64-debian-clang | 0.6-0 | 8.33 | 51.56 | 59.89 | NOTE | |
r-devel-linux-x86_64-debian-gcc | 0.6-0 | 5.61 | 37.74 | 43.35 | NOTE | |
r-devel-linux-x86_64-fedora-clang | 0.6-0 | 70.32 | NOTE | |||
r-devel-linux-x86_64-fedora-gcc | 0.6-0 | 68.14 | NOTE | |||
r-devel-windows-x86_64 | 0.6-0 | 41.00 | 63.00 | 104.00 | NOTE | |
r-patched-linux-x86_64 | 0.6-0 | 7.96 | 48.26 | 56.22 | NOTE | |
r-release-linux-x86_64 | 0.6-0 | 7.54 | 47.84 | 55.38 | NOTE | |
r-release-macos-arm64 | 0.6-0 | 20.00 | NOTE | |||
r-release-macos-x86_64 | 0.6-0 | 33.00 | NOTE | |||
r-release-windows-x86_64 | 0.6-0 | 16.00 | 58.00 | 74.00 | NOTE | |
r-oldrel-macos-arm64 | 0.6-0 | 23.00 | NOTE | |||
r-oldrel-macos-x86_64 | 0.6-0 | 41.00 | NOTE | |||
r-oldrel-windows-ix86+x86_64 | 0.6-0 | 16.00 | 46.00 | 62.00 | NOTE |
Version: 0.6-0
Check: R code for possible problems
Result: NOTE
ppert: no visible global function definition for 'pbeta'
prepare8pkg: no visible global function definition for 'glob2rx'
qpert: no visible global function definition for 'qbeta'
rpert: no visible global function definition for 'rbeta'
Undefined global functions or variables:
glob2rx pbeta qbeta rbeta
Consider adding
importFrom("stats", "pbeta", "qbeta", "rbeta")
importFrom("utils", "glob2rx")
to your NAMESPACE file.
Flavors: r-devel-linux-x86_64-debian-clang, r-devel-linux-x86_64-debian-gcc, r-devel-linux-x86_64-fedora-clang, r-devel-linux-x86_64-fedora-gcc, r-devel-windows-x86_64, r-patched-linux-x86_64, r-release-linux-x86_64, r-release-macos-arm64, r-release-macos-x86_64, r-release-windows-x86_64, r-oldrel-macos-arm64, r-oldrel-macos-x86_64, r-oldrel-windows-ix86+x86_64
Version: 0.6-0
Check: compiled code
Result: NOTE
File ‘documair/libs/documair.so’:
Found no calls to: ‘R_registerRoutines’, ‘R_useDynamicSymbols’
It is good practice to register native routines and to disable symbol
search.
See ‘Writing portable packages’ in the ‘Writing R Extensions’ manual.
Flavors: r-devel-linux-x86_64-fedora-clang, r-devel-linux-x86_64-fedora-gcc