Last updated on 2022-05-09 09:50:47 CEST.
Flavor | Version | Tinstall | Tcheck | Ttotal | Status | Flags |
---|---|---|---|---|---|---|
r-devel-linux-x86_64-debian-clang | 1.0-0 | 4.59 | 40.77 | 45.36 | NOTE | |
r-devel-linux-x86_64-debian-gcc | 1.0-0 | 3.24 | 30.95 | 34.19 | NOTE | |
r-devel-linux-x86_64-fedora-clang | 1.0-0 | 53.75 | NOTE | |||
r-devel-linux-x86_64-fedora-gcc | 1.0-0 | 52.41 | NOTE | |||
r-devel-windows-x86_64 | 1.0-0 | 12.00 | 58.00 | 70.00 | NOTE | |
r-patched-linux-x86_64 | 1.0-0 | 3.35 | 38.62 | 41.97 | NOTE | |
r-release-linux-x86_64 | 1.0-0 | 4.03 | 39.83 | 43.86 | NOTE | |
r-release-macos-arm64 | 1.0-0 | 17.00 | NOTE | |||
r-release-macos-x86_64 | 1.0-0 | 27.00 | NOTE | |||
r-release-windows-x86_64 | 1.0-0 | 7.00 | 57.00 | 64.00 | NOTE | |
r-oldrel-macos-arm64 | 1.0-0 | 19.00 | NOTE | |||
r-oldrel-macos-x86_64 | 1.0-0 | 33.00 | NOTE | |||
r-oldrel-windows-ix86+x86_64 | 1.0-0 | 7.00 | 47.00 | 54.00 | NOTE |
Version: 1.0-0
Check: dependencies in R code
Result: NOTE
Package in Depends field not imported from: 'spc'
These packages need to be imported from (in the NAMESPACE file)
for when this namespace is loaded but not attached.
Flavors: r-devel-linux-x86_64-debian-clang, r-devel-linux-x86_64-debian-gcc, r-devel-linux-x86_64-fedora-clang, r-devel-linux-x86_64-fedora-gcc, r-devel-windows-x86_64, r-patched-linux-x86_64, r-release-linux-x86_64, r-release-macos-arm64, r-release-macos-x86_64, r-release-windows-x86_64, r-oldrel-macos-arm64, r-oldrel-macos-x86_64, r-oldrel-windows-ix86+x86_64
Version: 1.0-0
Check: R code for possible problems
Result: NOTE
.echCusum1: no visible global function definition for 'xcusum.arl'
.echCusum2: no visible global function definition for 'xcusum.arl'
.echEwma1: no visible global function definition for 'xewma.arl'
.echEwma2: no visible global function definition for 'xewma.arl'
.echXbar1: no visible global function definition for 'pnorm'
.echXbar2: no visible global function definition for 'pnorm'
contour.edcc: no visible global function definition for 'par'
contour.edcc: no visible global function definition for 'title'
contour.edcc: no visible global function definition for 'mtext'
contour.edcc: no visible global function definition for 'points'
echCusum: no visible global function definition for 'xcusum.arl'
echEwma: no visible global function definition for 'xewma.arl'
echXbar: no visible global function definition for 'pnorm'
ecoCusum: no visible global function definition for 'optim'
ecoCusum: no visible global function definition for 'contour'
ecoCusum: no visible global function definition for 'mtext'
ecoCusum: no visible global function definition for 'points'
ecoCusum: no visible global function definition for 'xcusum.arl'
ecoEwma: no visible global function definition for 'optim'
ecoEwma: no visible global function definition for 'contour'
ecoEwma: no visible global function definition for 'points'
ecoEwma: no visible global function definition for 'mtext'
ecoEwma: no visible global function definition for 'title'
ecoEwma: no visible global function definition for 'xewma.arl'
ecoXbar: no visible global function definition for 'optim'
ecoXbar: no visible global function definition for 'contour'
ecoXbar: no visible global function definition for 'mtext'
ecoXbar: no visible global function definition for 'points'
ecoXbar: no visible global function definition for 'pnorm'
Undefined global functions or variables:
contour mtext optim par pnorm points title xcusum.arl xewma.arl
Consider adding
importFrom("graphics", "contour", "mtext", "par", "points", "title")
importFrom("stats", "optim", "pnorm")
to your NAMESPACE file.
Flavors: r-devel-linux-x86_64-debian-clang, r-devel-linux-x86_64-debian-gcc, r-devel-linux-x86_64-fedora-clang, r-devel-linux-x86_64-fedora-gcc, r-devel-windows-x86_64, r-patched-linux-x86_64, r-release-linux-x86_64, r-release-macos-arm64, r-release-macos-x86_64, r-release-windows-x86_64, r-oldrel-macos-arm64, r-oldrel-macos-x86_64, r-oldrel-windows-ix86+x86_64
Version: 1.0-0
Check: Rd line widths
Result: NOTE
Rd file 'ecoCusum.Rd':
\examples lines wider than 100 characters:
## global optimization to h, H and n, when lambda = 0.01, "Nelder-Mead" optimization algorithm doesn't work
Rd file 'ecoEwma.Rd':
\examples lines wider than 100 characters:
#yy = ecoEwma(h = seq(.7,1,by=.01), w = seq(0.8,1,by=.01),k = seq(2.9,3.3, by = 0.01), n = 4:5, P0 = 110, P1 = 10, Cf = 50, contour.plo ... [TRUNCATED]
These lines will be truncated in the PDF manual.
Flavors: r-devel-linux-x86_64-debian-clang, r-devel-linux-x86_64-debian-gcc, r-devel-linux-x86_64-fedora-clang, r-devel-linux-x86_64-fedora-gcc, r-patched-linux-x86_64, r-release-linux-x86_64