Last updated on 2022-05-09 17:52:30 CEST.
| Flavor | Version | Tinstall | Tcheck | Ttotal | Status | Flags | 
|---|---|---|---|---|---|---|
| r-devel-linux-x86_64-debian-clang | 1.1.1 | 2.95 | 39.32 | 42.27 | NOTE | |
| r-devel-linux-x86_64-debian-gcc | 1.1.1 | 2.71 | 30.50 | 33.21 | NOTE | |
| r-devel-linux-x86_64-fedora-clang | 1.1.1 | 51.37 | NOTE | |||
| r-devel-linux-x86_64-fedora-gcc | 1.1.1 | 50.13 | NOTE | |||
| r-devel-windows-x86_64 | 1.1.1 | 16.00 | 54.00 | 70.00 | NOTE | |
| r-patched-linux-x86_64 | 1.1.1 | 4.08 | 37.65 | 41.73 | NOTE | |
| r-release-linux-x86_64 | 1.1.1 | 3.25 | 37.21 | 40.46 | NOTE | |
| r-release-macos-arm64 | 1.1.1 | 18.00 | NOTE | |||
| r-release-macos-x86_64 | 1.1.1 | 29.00 | NOTE | |||
| r-release-windows-x86_64 | 1.1.1 | 11.00 | 56.00 | 67.00 | NOTE | |
| r-oldrel-macos-arm64 | 1.1.1 | 21.00 | NOTE | |||
| r-oldrel-macos-x86_64 | 1.1.1 | 29.00 | NOTE | |||
| r-oldrel-windows-ix86+x86_64 | 1.1.1 | 7.00 | 47.00 | 54.00 | NOTE | 
Version: 1.1.1
Check: R code for possible problems
Result: NOTE
    index.citations: no visible global function definition for
      'txtProgressBar'
    read.exsic: no visible global function definition for 'read.csv'
    update.pb: no visible global function definition for
      'setTxtProgressBar'
    Undefined global functions or variables:
      read.csv setTxtProgressBar txtProgressBar
    Consider adding
      importFrom("utils", "read.csv", "setTxtProgressBar", "txtProgressBar")
    to your NAMESPACE file.
Flavors: r-devel-linux-x86_64-debian-clang, r-devel-linux-x86_64-debian-gcc, r-devel-linux-x86_64-fedora-clang, r-devel-linux-x86_64-fedora-gcc, r-devel-windows-x86_64, r-patched-linux-x86_64, r-release-linux-x86_64, r-release-macos-arm64, r-release-macos-x86_64, r-release-windows-x86_64, r-oldrel-macos-arm64, r-oldrel-macos-x86_64, r-oldrel-windows-ix86+x86_64