Last updated on 2022-05-09 17:52:30 CEST.
Flavor | Version | Tinstall | Tcheck | Ttotal | Status | Flags |
---|---|---|---|---|---|---|
r-devel-linux-x86_64-debian-clang | 0.1 | 10.08 | 73.54 | 83.62 | NOTE | |
r-devel-linux-x86_64-debian-gcc | 0.1 | 7.52 | 56.36 | 63.88 | NOTE | |
r-devel-linux-x86_64-fedora-clang | 0.1 | 99.26 | NOTE | |||
r-devel-linux-x86_64-fedora-gcc | 0.1 | 97.88 | NOTE | |||
r-devel-windows-x86_64 | 0.1 | 16.00 | 86.00 | 102.00 | NOTE | |
r-patched-linux-x86_64 | 0.1 | 9.58 | 70.60 | 80.18 | NOTE | |
r-release-linux-x86_64 | 0.1 | 6.82 | 70.54 | 77.36 | NOTE | |
r-release-macos-arm64 | 0.1 | 28.00 | NOTE | |||
r-release-macos-x86_64 | 0.1 | 54.00 | NOTE | |||
r-release-windows-x86_64 | 0.1 | 13.00 | 86.00 | 99.00 | NOTE | |
r-oldrel-macos-arm64 | 0.1 | 32.00 | NOTE | |||
r-oldrel-macos-x86_64 | 0.1 | 48.00 | NOTE | |||
r-oldrel-windows-ix86+x86_64 | 0.1 | 18.00 | 77.00 | 95.00 | NOTE |
Version: 0.1
Check: dependencies in R code
Result: NOTE
Packages in Depends field not imported from:
'MASS' 'combinat' 'glmnet'
These packages need to be imported from (in the NAMESPACE file)
for when this namespace is loaded but not attached.
Flavors: r-devel-linux-x86_64-debian-clang, r-devel-linux-x86_64-debian-gcc, r-devel-linux-x86_64-fedora-clang, r-devel-linux-x86_64-fedora-gcc, r-devel-windows-x86_64, r-patched-linux-x86_64, r-release-linux-x86_64, r-release-macos-arm64, r-release-macos-x86_64, r-release-windows-x86_64, r-oldrel-macos-arm64, r-oldrel-macos-x86_64, r-oldrel-windows-ix86+x86_64
Version: 0.1
Check: R code for possible problems
Result: NOTE
fcd.cluster: no visible global function definition for 'kmeans'
fcd.start: no visible global function definition for 'ginv'
fcd.start: no visible global function definition for 'glmnet'
gen.dcbm: no visible global function definition for 'rbinom'
gen.sbm: no visible global function definition for 'rbinom'
mis.cluster: no visible global function definition for 'permn'
spectral.clustering: no visible global function definition for 'kmeans'
Undefined global functions or variables:
ginv glmnet kmeans permn rbinom
Consider adding
importFrom("stats", "kmeans", "rbinom")
to your NAMESPACE file.
Flavors: r-devel-linux-x86_64-debian-clang, r-devel-linux-x86_64-debian-gcc, r-devel-linux-x86_64-fedora-clang, r-devel-linux-x86_64-fedora-gcc, r-devel-windows-x86_64, r-patched-linux-x86_64, r-release-linux-x86_64, r-release-macos-arm64, r-release-macos-x86_64, r-release-windows-x86_64, r-oldrel-macos-arm64, r-oldrel-macos-x86_64, r-oldrel-windows-ix86+x86_64