Last updated on 2022-05-09 09:50:50 CEST.
Flavor | Version | Tinstall | Tcheck | Ttotal | Status | Flags |
---|---|---|---|---|---|---|
r-devel-linux-x86_64-debian-clang | 1.0 | 2.28 | 37.73 | 40.01 | NOTE | |
r-devel-linux-x86_64-debian-gcc | 1.0 | 1.89 | 27.52 | 29.41 | NOTE | |
r-devel-linux-x86_64-fedora-clang | 1.0 | 48.28 | NOTE | |||
r-devel-linux-x86_64-fedora-gcc | 1.0 | 46.46 | NOTE | |||
r-devel-windows-x86_64 | 1.0 | 9.00 | 54.00 | 63.00 | NOTE | |
r-patched-linux-x86_64 | 1.0 | 2.37 | 35.61 | 37.98 | NOTE | |
r-release-linux-x86_64 | 1.0 | 2.06 | 35.38 | 37.44 | NOTE | |
r-release-macos-arm64 | 1.0 | 19.00 | NOTE | |||
r-release-macos-x86_64 | 1.0 | 31.00 | NOTE | |||
r-release-windows-x86_64 | 1.0 | 4.00 | 55.00 | 59.00 | NOTE | |
r-oldrel-macos-arm64 | 1.0 | 21.00 | NOTE | |||
r-oldrel-macos-x86_64 | 1.0 | 38.00 | NOTE | |||
r-oldrel-windows-ix86+x86_64 | 1.0 | 5.00 | 34.00 | 39.00 | NOTE |
Version: 1.0
Check: R code for possible problems
Result: NOTE
hsicCCA: no visible global function definition for 'median'
hsicCCA: no visible global function definition for 'dist'
hsicCCAfunc: no visible global function definition for 'rnorm'
hsicCCAfunc: no visible global function definition for 'runif'
hsicCCAfunc: no visible global function definition for 'optim'
ktaCCA: no visible global function definition for 'median'
ktaCCA: no visible global function definition for 'dist'
ktaCCAfunc: no visible global function definition for 'rnorm'
ktaCCAfunc: no visible global function definition for 'runif'
ktaCCAfunc: no visible global function definition for 'optim'
Undefined global functions or variables:
dist median optim rnorm runif
Consider adding
importFrom("stats", "dist", "median", "optim", "rnorm", "runif")
to your NAMESPACE file.
Flavors: r-devel-linux-x86_64-debian-clang, r-devel-linux-x86_64-debian-gcc, r-devel-linux-x86_64-fedora-clang, r-devel-linux-x86_64-fedora-gcc, r-devel-windows-x86_64, r-patched-linux-x86_64, r-release-linux-x86_64, r-release-macos-arm64, r-release-macos-x86_64, r-release-windows-x86_64, r-oldrel-macos-arm64, r-oldrel-macos-x86_64, r-oldrel-windows-ix86+x86_64
Version: 1.0
Check: Rd line widths
Result: NOTE
Rd file 'hsicCCA.Rd':
\usage lines wider than 90 characters:
hsicCCA(x, y, M, sigmax = NULL, sigmay = NULL, numrepeat = 5, numiter = 100, reltolstop = 1e-04)
Rd file 'ktaCCA.Rd':
\usage lines wider than 90 characters:
ktaCCA(x, y, M, sigmax = NULL, sigmay = NULL, numrepeat = 5, numiter = 100, reltolstop = 1e-04)
These lines will be truncated in the PDF manual.
Flavors: r-devel-linux-x86_64-debian-clang, r-devel-linux-x86_64-debian-gcc, r-devel-linux-x86_64-fedora-clang, r-devel-linux-x86_64-fedora-gcc, r-patched-linux-x86_64, r-release-linux-x86_64