Last updated on 2022-05-09 09:50:51 CEST.
Flavor | Version | Tinstall | Tcheck | Ttotal | Status | Flags |
---|---|---|---|---|---|---|
r-devel-linux-x86_64-debian-clang | 1.0.0 | 2.31 | 74.43 | 76.74 | NOTE | |
r-devel-linux-x86_64-debian-gcc | 1.0.0 | 2.57 | 56.33 | 58.90 | NOTE | |
r-devel-linux-x86_64-fedora-clang | 1.0.0 | 95.64 | OK | |||
r-devel-linux-x86_64-fedora-gcc | 1.0.0 | 90.02 | OK | |||
r-devel-windows-x86_64 | 1.0.0 | 121.00 | 101.00 | 222.00 | NOTE | |
r-patched-linux-x86_64 | 1.0.0 | 4.37 | 69.32 | 73.69 | NOTE | |
r-release-linux-x86_64 | 1.0.0 | 2.88 | 69.91 | 72.79 | NOTE | |
r-release-macos-arm64 | 1.0.0 | 28.00 | OK | |||
r-release-macos-x86_64 | 1.0.0 | 44.00 | OK | |||
r-release-windows-x86_64 | 1.0.0 | 118.00 | 100.00 | 218.00 | NOTE | |
r-oldrel-macos-arm64 | 1.0.0 | 31.00 | OK | |||
r-oldrel-macos-x86_64 | 1.0.0 | 51.00 | OK | |||
r-oldrel-windows-ix86+x86_64 | 1.0.0 | 8.00 | 86.00 | 94.00 | NOTE |
Version: 1.0.0
Check: package vignettes
Result: NOTE
Package vignette with placeholder title 'Vignette Title':
'intubate.Rmd'
Flavors: r-devel-linux-x86_64-debian-clang, r-devel-linux-x86_64-debian-gcc, r-devel-windows-x86_64, r-patched-linux-x86_64, r-release-linux-x86_64, r-release-windows-x86_64, r-oldrel-windows-ix86+x86_64