Last updated on 2022-05-09 09:50:53 CEST.
Flavor | Version | Tinstall | Tcheck | Ttotal | Status | Flags |
---|---|---|---|---|---|---|
r-devel-linux-x86_64-debian-clang | 1.99 | 17.59 | 165.84 | 183.43 | NOTE | |
r-devel-linux-x86_64-debian-gcc | 1.99 | 12.84 | 118.23 | 131.07 | NOTE | |
r-devel-linux-x86_64-fedora-clang | 1.99 | 200.19 | NOTE | |||
r-devel-linux-x86_64-fedora-gcc | 1.99 | 179.73 | NOTE | |||
r-devel-windows-x86_64 | 1.99 | 46.00 | 151.00 | 197.00 | NOTE | |
r-patched-linux-x86_64 | 1.99 | 17.79 | 153.55 | 171.34 | NOTE | |
r-release-linux-x86_64 | 1.99 | 16.31 | 152.16 | 168.47 | NOTE | |
r-release-macos-arm64 | 1.99 | 45.00 | NOTE | |||
r-release-macos-x86_64 | 1.99 | 80.00 | NOTE | |||
r-release-windows-x86_64 | 1.99 | 36.00 | 160.00 | 196.00 | NOTE | |
r-oldrel-macos-arm64 | 1.99 | 49.00 | NOTE | |||
r-oldrel-macos-x86_64 | 1.99 | 92.00 | NOTE | |||
r-oldrel-windows-ix86+x86_64 | 1.99 | 34.00 | 157.00 | 191.00 | NOTE |
Version: 1.99
Check: DESCRIPTION meta-information
Result: NOTE
Malformed Description field: should contain one or more complete sentences.
Flavors: r-devel-linux-x86_64-debian-clang, r-devel-linux-x86_64-debian-gcc, r-devel-linux-x86_64-fedora-clang, r-devel-linux-x86_64-fedora-gcc, r-devel-windows-x86_64, r-patched-linux-x86_64, r-release-linux-x86_64, r-release-macos-arm64, r-release-macos-x86_64, r-release-windows-x86_64, r-oldrel-macos-arm64, r-oldrel-macos-x86_64, r-oldrel-windows-ix86+x86_64
Version: 1.99
Check: dependencies in R code
Result: NOTE
Packages in Depends field not imported from:
'corpcor' 'evd' 'fields' 'numDeriv'
These packages need to be imported from (in the NAMESPACE file)
for when this namespace is loaded but not attached.
Flavors: r-devel-linux-x86_64-debian-clang, r-devel-linux-x86_64-debian-gcc, r-devel-linux-x86_64-fedora-clang, r-devel-linux-x86_64-fedora-gcc, r-devel-windows-x86_64, r-patched-linux-x86_64, r-release-linux-x86_64, r-release-macos-arm64, r-release-macos-x86_64, r-release-windows-x86_64, r-oldrel-macos-arm64, r-oldrel-macos-x86_64, r-oldrel-windows-ix86+x86_64
Version: 1.99
Check: R code for possible problems
Result: NOTE
dbgpd_bilog: no visible global function definition for 'uniroot'
dbgpd_bilog: no visible global function definition for 'pbvevd'
dbgpd_ct : Be1: no visible global function definition for 'pbeta'
dbgpd_ct : Be2: no visible global function definition for 'pbeta'
dbgpd_ct : d1Be1: no visible global function definition for 'dbeta'
dbgpd_ct : d1Be2: no visible global function definition for 'dbeta'
dbgpd_log: no visible global function definition for 'D'
dbgpd_negbilog: no visible global function definition for 'uniroot'
dbgpd_negbilog: no visible global function definition for 'pbvevd'
dbgpd_neglog: no visible global function definition for 'D'
dbgpd_philog: no visible global function definition for 'D'
dbgpd_phineglog: no visible global function definition for 'D'
dbgpd_psilog: no visible global function definition for 'D'
dbgpd_psineglog: no visible global function definition for 'D'
dbgpd_region: no visible global function definition for 'quantile'
dtgpd_psilog : conv: no visible global function definition for
'is.positive.definite'
dtgpd_psilog: no visible global function definition for 'image.plot'
dtgpd_psilog: no visible global function definition for 'heat.colors'
dtgpd_psineglog : conv: no visible global function definition for
'is.positive.definite'
dtgpd_psineglog: no visible global function definition for 'image.plot'
dtgpd_psineglog: no visible global function definition for
'heat.colors'
fbgpd: no visible global function definition for 'optim'
mgpd_init: no visible global function definition for 'fgev'
ml_bilog: no visible global function definition for 'uniroot'
ml_bilog: no visible global function definition for 'pbvevd'
ml_ct : Be1: no visible global function definition for 'pbeta'
ml_ct : Be2: no visible global function definition for 'pbeta'
ml_ct : d1Be1: no visible global function definition for 'dbeta'
ml_ct : d1Be2: no visible global function definition for 'dbeta'
ml_negbilog: no visible global function definition for 'uniroot'
ml_negbilog: no visible global function definition for 'pbvevd'
pbgpd_bilog: no visible global function definition for 'pbvevd'
pbgpd_ct: no visible global function definition for 'pbvevd'
pbgpd_negbilog: no visible global function definition for 'pbvevd'
pbgpd_philog: no visible global function definition for 'D'
pbgpd_phineglog: no visible global function definition for 'D'
pbgpd_psilog: no visible global function definition for 'D'
pbgpd_psineglog: no visible global function definition for 'D'
ptgpd_psilog : conv: no visible global function definition for
'is.positive.definite'
ptgpd_psilog: no visible global function definition for 'image.plot'
ptgpd_psilog: no visible global function definition for 'heat.colors'
ptgpd_psineglog : conv: no visible global function definition for
'is.positive.definite'
ptgpd_psineglog: no visible global function definition for 'image.plot'
ptgpd_psineglog: no visible global function definition for
'heat.colors'
transf_philog : fipoints: no visible global function definition for
'points'
transf_philog: no visible global function definition for 'D'
transf_philog: no visible global function definition for 'par'
transf_philog: no visible global function definition for 'abline'
transf_philog: no visible global function definition for 'lines'
transf_phineglog : fipoints: no visible global function definition for
'points'
transf_phineglog: no visible global function definition for 'D'
transf_phineglog: no visible global function definition for 'par'
transf_phineglog: no visible global function definition for 'abline'
transf_phineglog: no visible global function definition for 'lines'
transf_psilog: no visible global function definition for 'D'
transf_psilog: no visible global function definition for 'par'
transf_psilog: no visible global function definition for 'abline'
transf_psilog: no visible global function definition for 'lines'
transf_psineglog: no visible global function definition for 'D'
transf_psineglog: no visible global function definition for 'par'
transf_psineglog: no visible global function definition for 'abline'
transf_psineglog: no visible global function definition for 'lines'
Undefined global functions or variables:
D abline dbeta fgev heat.colors image.plot is.positive.definite lines
optim par pbeta pbvevd points quantile uniroot
Consider adding
importFrom("grDevices", "heat.colors")
importFrom("graphics", "abline", "lines", "par", "points")
importFrom("stats", "D", "dbeta", "optim", "pbeta", "quantile",
"uniroot")
to your NAMESPACE file.
Flavors: r-devel-linux-x86_64-debian-clang, r-devel-linux-x86_64-debian-gcc, r-devel-linux-x86_64-fedora-clang, r-devel-linux-x86_64-fedora-gcc, r-devel-windows-x86_64, r-patched-linux-x86_64, r-release-linux-x86_64, r-release-macos-arm64, r-release-macos-x86_64, r-release-windows-x86_64, r-oldrel-macos-arm64, r-oldrel-macos-x86_64, r-oldrel-windows-ix86+x86_64
Version: 1.99
Check: Rd line widths
Result: NOTE
Rd file 'dbgpd.Rd':
\usage lines wider than 90 characters:
dbgpd(x, y, model = "log", mar1 = c(0, 1, 0.1), mar2 = c(0, 1, 0.1), dep = 2, a = 1, b = 1, asy = 0, p = 3, ...)
Rd file 'dbgpd_philog.Rd':
\usage lines wider than 90 characters:
dbgpd_philog(x, y, mar1 = c(0, 1, 0.1), mar2 = c(0, 1, 0.1), dep = 2, asy = 0, p = 2, compare = 2, ...)
Rd file 'dbgpd_phineglog.Rd':
\usage lines wider than 90 characters:
dbgpd_phineglog(x, y, mar1 = c(0, 1, 0.1), mar2 = c(0, 1, 0.1), dep = 2, asy = 0, p = 2, compare = 2, ...)
Rd file 'dbgpd_psilog.Rd':
\usage lines wider than 90 characters:
dbgpd_psilog(x, y, mar1 = c(0, 1, 0.1), mar2 = c(0, 1, 0.1), dep = 2, asy = 0, p = 3, asymin = -2, asymax = 2, ...)
Rd file 'dbgpd_psineglog.Rd':
\usage lines wider than 90 characters:
dbgpd_psineglog(x, y, mar1 = c(0, 1, 0.1), mar2 = c(0, 1, 0.1), dep = 2, asy = 0, p = 3, ...)
Rd file 'dtgpd.Rd':
\usage lines wider than 90 characters:
dtgpd(x, y, z, model = "log", mar1 = c(0, 1, 0.1), mar2 = c(0, 1, 0.1), mar3 = c(0, 1, 0.1), dep = 1.5, A1 = 0, A2 = 0, B1 = 3, B2 = 3, ... [TRUNCATED]
Rd file 'dtgpd_log.Rd':
\usage lines wider than 90 characters:
dtgpd_log(x, y, z, mar1 = c(0, 1, 0.1), mar2 = c(0, 1, 0.1), mar3 = c(0, 1, 0.1), dep = 1.5)
Rd file 'dtgpd_neglog.Rd':
\usage lines wider than 90 characters:
dtgpd_neglog(x, y, z, mar1 = c(0, 1, 0.1), mar2 = c(0, 1, 0.1), mar3 = c(0, 1, 0.1), dep = 1.5)
Rd file 'dtgpd_psilog.Rd':
\usage lines wider than 90 characters:
dtgpd_psilog(x, y, z, mar1 = c(0, 1, 0.1), mar2 = c(0, 1, 0.1), mar3 = c(0, 1, 0.1), dep = 1.5, A1 = 0, A2 = 0, B1 = 3, B2 = 3, checkco ... [TRUNCATED]
Rd file 'dtgpd_psineglog.Rd':
\usage lines wider than 90 characters:
dtgpd_psineglog(x, y, z, mar1 = c(0, 1, 0.1), mar2 = c(0, 1, 0.1), mar3 = c(0, 1, 0.1), dep = 1.5, A1 = 0, A2 = 0, B1 = 3, B2 = 3, chec ... [TRUNCATED]
Rd file 'fbgpd.Rd':
\usage lines wider than 90 characters:
fbgpd(initpar, dat, model = "log", fixed = FALSE, control = list(maxit = 50000), psi = 3, ...)
Rd file 'pbgpd.Rd':
\usage lines wider than 90 characters:
pbgpd(x, y, model = "log", mar1 = c(0, 1, 0.1), mar2 = c(0, 1, 0.1), dep = 2, a = 1/2, b = 1/2, asy = 0, p = 3, ...)
Rd file 'pbgpd_philog.Rd':
\usage lines wider than 90 characters:
pbgpd_philog(x, y, mar1 = c(0, 1, 0.1), mar2 = c(0, 1, 0.1), dep = 2, asy = 0, p = 2, compare = 2, ...)
Rd file 'pbgpd_phineglog.Rd':
\usage lines wider than 90 characters:
pbgpd_phineglog(x, y, mar1 = c(0, 1, 0.1), mar2 = c(0, 1, 0.1), dep = 2, asy = 0, p = 2, compare = 2, ...)
Rd file 'pbgpd_psilog.Rd':
\usage lines wider than 90 characters:
pbgpd_psilog(x, y, mar1 = c(0, 1, 0.1), mar2 = c(0, 1, 0.1), dep = 1.5, asy = 0, p = 3, asymin1 = -2, asymax1 = 2, asymin2 = 0, asymax2 ... [TRUNCATED]
Rd file 'pbgpd_psineglog.Rd':
\usage lines wider than 90 characters:
pbgpd_psineglog(x, y, mar1 = c(0, 1, 0.1), mar2 = c(0, 1, 0.1), dep = 1.5, asy = 0, p = 3, ...)
Rd file 'ptgpd.Rd':
\usage lines wider than 90 characters:
ptgpd(x, y, z, model = "log", mar1 = c(0, 1, 0.1), mar2 = c(0, 1, 0.1), mar3 = c(0, 1, 0.1), dep = 1.5, A1 = 0, A2 = 0, B1 = 3, B2 = 3, ... [TRUNCATED]
Rd file 'ptgpd_log.Rd':
\usage lines wider than 90 characters:
ptgpd_log(x, y, z, mar1 = c(0, 1, 0.1), mar2 = c(0, 1, 0.1), mar3 = c(0, 1, 0.1), dep = 1.5)
Rd file 'ptgpd_neglog.Rd':
\usage lines wider than 90 characters:
ptgpd_neglog(x, y, z, mar1 = c(0, 1, 0.1), mar2 = c(0, 1, 0.1), mar3 = c(0, 1, 0.1), dep = 1.5)
Rd file 'ptgpd_psilog.Rd':
\usage lines wider than 90 characters:
ptgpd_psilog(x, y, z, mar1 = c(0, 1, 0.1), mar2 = c(0, 1, 0.1), mar3 = c(0, 1, 0.1), dep = 1.5, A1 = 0, A2 = 0, B1 = 3, B2 = 3, checkco ... [TRUNCATED]
Rd file 'ptgpd_psineglog.Rd':
\usage lines wider than 90 characters:
ptgpd_psineglog(x, y, z, mar1 = c(0, 1, 0.1), mar2 = c(0, 1, 0.1), mar3 = c(0, 1, 0.1), dep = 1.5, A1 = 0, A2 = 0, B1 = 3, B2 = 3, chec ... [TRUNCATED]
Rd file 'transf_philog.Rd':
\usage lines wider than 90 characters:
transf_philog(mar1 = c(0, 1, 0.1), mar2 = c(0, 1, 0.1), dep = 2, asy = 0, p = 2, compare = 2, ...)
Rd file 'transf_phineglog.Rd':
\usage lines wider than 90 characters:
transf_phineglog(mar1 = c(0, 1, 0.1), mar2 = c(0, 1, 0.1), dep = 2, asy = 0, p = 2, compare = 2, ...)
Rd file 'transf_psilog.Rd':
\usage lines wider than 90 characters:
transf_psilog(mar1 = c(0, 1, 0.1), mar2 = c(0, 1, 0.1), dep = 2, asy = 0, p = 3, compare = 2, ...)
Rd file 'transf_psineglog.Rd':
\usage lines wider than 90 characters:
transf_psineglog(mar1 = c(0, 1, 0.1), mar2 = c(0, 1, 0.1), dep = 2, asy = 0, p = 3, compare = 2, ...)
These lines will be truncated in the PDF manual.
Flavors: r-devel-linux-x86_64-debian-clang, r-devel-linux-x86_64-debian-gcc, r-devel-linux-x86_64-fedora-clang, r-devel-linux-x86_64-fedora-gcc, r-patched-linux-x86_64, r-release-linux-x86_64