Last updated on 2022-05-09 09:50:54 CEST.
Flavor | Version | Tinstall | Tcheck | Ttotal | Status | Flags |
---|---|---|---|---|---|---|
r-devel-linux-x86_64-debian-clang | 1.1.1 | 2.09 | 39.57 | 41.66 | NOTE | |
r-devel-linux-x86_64-debian-gcc | 1.1.1 | 2.16 | 30.31 | 32.47 | NOTE | |
r-devel-linux-x86_64-fedora-clang | 1.1.1 | 51.65 | NOTE | |||
r-devel-linux-x86_64-fedora-gcc | 1.1.1 | 49.32 | NOTE | |||
r-devel-windows-x86_64 | 1.1.1 | 21.00 | 55.00 | 76.00 | NOTE | |
r-patched-linux-x86_64 | 1.1.1 | 2.98 | 37.81 | 40.79 | NOTE | |
r-release-linux-x86_64 | 1.1.1 | 2.26 | 37.81 | 40.07 | NOTE | |
r-release-macos-arm64 | 1.1.1 | 14.00 | NOTE | |||
r-release-macos-x86_64 | 1.1.1 | 30.00 | NOTE | |||
r-release-windows-x86_64 | 1.1.1 | 7.00 | 53.00 | 60.00 | NOTE | |
r-oldrel-macos-arm64 | 1.1.1 | 19.00 | NOTE | |||
r-oldrel-macos-x86_64 | 1.1.1 | 32.00 | NOTE | |||
r-oldrel-windows-ix86+x86_64 | 1.1.1 | 6.00 | 47.00 | 53.00 | NOTE |
Version: 1.1.1
Check: DESCRIPTION meta-information
Result: NOTE
Malformed Description field: should contain one or more complete sentences.
Flavors: r-devel-linux-x86_64-debian-clang, r-devel-linux-x86_64-debian-gcc, r-devel-linux-x86_64-fedora-clang, r-devel-linux-x86_64-fedora-gcc, r-devel-windows-x86_64, r-patched-linux-x86_64, r-release-linux-x86_64, r-release-macos-arm64, r-release-macos-x86_64, r-release-windows-x86_64, r-oldrel-macos-arm64, r-oldrel-macos-x86_64, r-oldrel-windows-ix86+x86_64
Version: 1.1.1
Check: R code for possible problems
Result: NOTE
update_episode: no visible global function definition for 'browseURL'
Undefined global functions or variables:
browseURL
Consider adding
importFrom("utils", "browseURL")
to your NAMESPACE file.
Flavors: r-devel-linux-x86_64-debian-clang, r-devel-linux-x86_64-debian-gcc, r-devel-linux-x86_64-fedora-clang, r-devel-linux-x86_64-fedora-gcc, r-devel-windows-x86_64, r-patched-linux-x86_64, r-release-linux-x86_64, r-release-macos-arm64, r-release-macos-x86_64, r-release-windows-x86_64, r-oldrel-macos-arm64, r-oldrel-macos-x86_64, r-oldrel-windows-ix86+x86_64
Version: 1.1.1
Check: Rd line widths
Result: NOTE
Rd file 'myepisodes_feed_url.Rd':
\examples lines wider than 100 characters:
## Not run: myepisodes_feed_url("foouser", "321654321654321", feed = "mylist", onlyunacquired = TRUE, showignored = FALSE)
Rd file 'shows_from_myepisodes.Rd':
\examples lines wider than 100 characters:
## Not run: shows_from_myepisodes("foouser", "321654321654321", feed = "mylist", onlyunacquired = TRUE, showignored = FALSE)
These lines will be truncated in the PDF manual.
Flavors: r-devel-linux-x86_64-debian-clang, r-devel-linux-x86_64-debian-gcc, r-devel-linux-x86_64-fedora-clang, r-devel-linux-x86_64-fedora-gcc, r-patched-linux-x86_64, r-release-linux-x86_64