Last updated on 2022-05-09 09:50:55 CEST.
Flavor | Version | Tinstall | Tcheck | Ttotal | Status | Flags |
---|---|---|---|---|---|---|
r-devel-linux-x86_64-debian-clang | 1.02 | 2.96 | 36.97 | 39.93 | NOTE | |
r-devel-linux-x86_64-debian-gcc | 1.02 | 2.30 | 29.16 | 31.46 | NOTE | |
r-devel-linux-x86_64-fedora-clang | 1.02 | 48.01 | NOTE | |||
r-devel-linux-x86_64-fedora-gcc | 1.02 | 46.91 | NOTE | |||
r-devel-windows-x86_64 | 1.02 | 9.00 | 52.00 | 61.00 | OK | |
r-patched-linux-x86_64 | 1.02 | 2.88 | 36.53 | 39.41 | NOTE | |
r-release-linux-x86_64 | 1.02 | 2.64 | 35.99 | 38.63 | NOTE | |
r-release-macos-arm64 | 1.02 | 15.00 | OK | |||
r-release-macos-x86_64 | 1.02 | 26.00 | OK | |||
r-release-windows-x86_64 | 1.02 | 5.00 | 51.00 | 56.00 | OK | |
r-oldrel-macos-arm64 | 1.02 | 18.00 | OK | |||
r-oldrel-macos-x86_64 | 1.02 | 27.00 | OK | |||
r-oldrel-windows-ix86+x86_64 | 1.02 | 6.00 | 44.00 | 50.00 | OK |
Version: 1.02
Check: Rd line widths
Result: NOTE
Rd file 'notifyR-package.Rd':
\examples lines wider than 100 characters:
send_push(userkey,message="finished.",title="World Simulation",url="http://www.myRresults.com/",url_title="View Results online.",priori ... [TRUNCATED]
Rd file 'send_push.Rd':
\usage lines wider than 90 characters:
send_push(user, message, title = "", device = "", url = "", url_title = "", priority = FALSE, timestamp = Sys.time())
\examples lines wider than 100 characters:
send_push(userkey,message="finished.",title="World Simulation",url="http://www.myRresults.com/",url_title="View Results online.",priori ... [TRUNCATED]
These lines will be truncated in the PDF manual.
Flavors: r-devel-linux-x86_64-debian-clang, r-devel-linux-x86_64-debian-gcc, r-devel-linux-x86_64-fedora-clang, r-devel-linux-x86_64-fedora-gcc, r-patched-linux-x86_64, r-release-linux-x86_64