Last updated on 2022-05-09 11:51:56 CEST.
| Flavor | Version | Tinstall | Tcheck | Ttotal | Status | Flags | 
|---|---|---|---|---|---|---|
| r-devel-linux-x86_64-debian-clang | 0.1.4 | 19.94 | 172.64 | 192.58 | NOTE | |
| r-devel-linux-x86_64-debian-gcc | 0.1.4 | 16.31 | 125.65 | 141.96 | NOTE | |
| r-devel-linux-x86_64-fedora-clang | 0.1.4 | 234.92 | NOTE | |||
| r-devel-linux-x86_64-fedora-gcc | 0.1.4 | 214.91 | NOTE | |||
| r-devel-windows-x86_64 | 0.1.4 | 25.00 | 175.00 | 200.00 | NOTE | |
| r-patched-linux-x86_64 | 0.1.4 | 27.10 | 159.90 | 187.00 | NOTE | |
| r-release-linux-x86_64 | 0.1.4 | 18.10 | 161.84 | 179.94 | NOTE | |
| r-release-macos-arm64 | 0.1.4 | 56.00 | NOTE | |||
| r-release-macos-x86_64 | 0.1.4 | 99.00 | NOTE | |||
| r-release-windows-x86_64 | 0.1.4 | 27.00 | 170.00 | 197.00 | NOTE | |
| r-oldrel-macos-arm64 | 0.1.4 | 55.00 | NOTE | |||
| r-oldrel-macos-x86_64 | 0.1.4 | 109.00 | NOTE | |||
| r-oldrel-windows-ix86+x86_64 | 0.1.4 | 45.00 | 165.00 | 210.00 | NOTE | 
Version: 0.1.4
Check: R code for possible problems
Result: NOTE
    cv_subsample: no visible global function definition for 'model.weights'
    parboost : data_import_function: no visible global function definition
      for 'read.csv'
    parboost_fit: no visible global function definition for 'predict'
    postprocess : none : predict_parboost: no visible binding for global
      variable 'predict'
    postprocess : glmfit: no visible global function definition for
      'gaussian'
    postprocess : glmfit: no visible global function definition for
      'binomial'
    postprocess : glmfit: no visible global function definition for
      'poisson'
    postprocess : glmfit: no visible global function definition for 'glm'
    postprocess : glmfit : predict_parboost: no visible binding for global
      variable 'predict'
    postprocess : glmfit : predict_parboost: no visible global function
      definition for 'predict'
    postprocess : glmfit: no visible global function definition for
      'predict'
    postprocess : glmfit: no visible global function definition for 'coef'
    postprocess : lasso : predict_parboost: no visible binding for global
      variable 'predict'
    postprocess : lasso : predict_parboost: no visible global function
      definition for 'predict'
    postprocess : lasso: no visible global function definition for
      'predict'
    postprocess : lasso: no visible global function definition for 'as'
    postprocess : lasso: no visible global function definition for 'coef'
    postprocess : ridge : predict_parboost: no visible binding for global
      variable 'predict'
    postprocess : ridge : predict_parboost: no visible global function
      definition for 'predict'
    postprocess : ridge: no visible global function definition for
      'predict'
    postprocess : ridge: no visible global function definition for 'as'
    postprocess : ridge: no visible global function definition for 'coef'
    postprocess : elasticnet : predict_parboost: no visible binding for
      global variable 'predict'
    postprocess : elasticnet : predict_parboost: no visible global function
      definition for 'predict'
    postprocess : elasticnet: no visible global function definition for
      'predict'
    postprocess : elasticnet: no visible global function definition for
      'as'
    postprocess : elasticnet: no visible global function definition for
      'coef'
    summary.parboost: no visible binding for global variable
      'variable.names'
    Undefined global functions or variables:
      as binomial coef gaussian glm model.weights poisson predict read.csv
      variable.names
    Consider adding
      importFrom("methods", "as")
      importFrom("stats", "binomial", "coef", "gaussian", "glm",
                 "model.weights", "poisson", "predict", "variable.names")
      importFrom("utils", "read.csv")
    to your NAMESPACE file (and ensure that your DESCRIPTION Imports field
    contains 'methods').
Flavors: r-devel-linux-x86_64-debian-clang, r-devel-linux-x86_64-debian-gcc, r-devel-linux-x86_64-fedora-clang, r-devel-linux-x86_64-fedora-gcc, r-devel-windows-x86_64, r-patched-linux-x86_64, r-release-linux-x86_64, r-release-macos-arm64, r-release-macos-x86_64, r-release-windows-x86_64, r-oldrel-macos-arm64, r-oldrel-macos-x86_64, r-oldrel-windows-ix86+x86_64