Last updated on 2022-05-09 17:52:38 CEST.
Flavor | Version | Tinstall | Tcheck | Ttotal | Status | Flags |
---|---|---|---|---|---|---|
r-devel-linux-x86_64-debian-clang | 2.0 | 2.65 | 35.18 | 37.83 | NOTE | |
r-devel-linux-x86_64-debian-gcc | 2.0 | 2.08 | 27.03 | 29.11 | NOTE | |
r-devel-linux-x86_64-fedora-clang | 2.0 | 45.99 | NOTE | |||
r-devel-linux-x86_64-fedora-gcc | 2.0 | 44.49 | NOTE | |||
r-devel-windows-x86_64 | 2.0 | 14.00 | 49.00 | 63.00 | NOTE | |
r-patched-linux-x86_64 | 2.0 | 2.60 | 34.38 | 36.98 | NOTE | |
r-release-linux-x86_64 | 2.0 | 2.14 | 34.06 | 36.20 | NOTE | |
r-release-macos-arm64 | 2.0 | 18.00 | NOTE | |||
r-release-macos-x86_64 | 2.0 | 26.00 | NOTE | |||
r-release-windows-x86_64 | 2.0 | 18.00 | 53.00 | 71.00 | NOTE | |
r-oldrel-macos-arm64 | 2.0 | 20.00 | NOTE | |||
r-oldrel-macos-x86_64 | 2.0 | 25.00 | NOTE | |||
r-oldrel-windows-ix86+x86_64 | 2.0 | 5.00 | 43.00 | 48.00 | NOTE |
Version: 2.0
Check: R code for possible problems
Result: NOTE
fox: no visible binding for global variable 'sd'
fox: no visible global function definition for 'cor'
fox: no visible global function definition for 'interaction.plot'
fox: no visible global function definition for 'reorder'
kang: no visible global function definition for 'var'
kang: no visible binding for global variable 'sd'
kang: no visible global function definition for 'cor'
kang: no visible global function definition for 'interaction.plot'
kang: no visible global function definition for 'reorder'
nahu: no visible global function definition for 'interaction.plot'
nahu: no visible global function definition for 'reorder'
thsu: no visible global function definition for 'median'
thsu: no visible binding for global variable 'sd'
thsu: no visible global function definition for 'cor'
thsu: no visible global function definition for 'interaction.plot'
thsu: no visible global function definition for 'reorder'
Undefined global functions or variables:
cor interaction.plot median reorder sd var
Consider adding
importFrom("stats", "cor", "interaction.plot", "median", "reorder",
"sd", "var")
to your NAMESPACE file.
Flavors: r-devel-linux-x86_64-debian-clang, r-devel-linux-x86_64-debian-gcc, r-devel-linux-x86_64-fedora-clang, r-devel-linux-x86_64-fedora-gcc, r-devel-windows-x86_64, r-patched-linux-x86_64, r-release-linux-x86_64, r-release-macos-arm64, r-release-macos-x86_64, r-release-windows-x86_64, r-oldrel-macos-arm64, r-oldrel-macos-x86_64, r-oldrel-windows-ix86+x86_64