Last updated on 2022-05-09 09:50:59 CEST.
Flavor | Version | Tinstall | Tcheck | Ttotal | Status | Flags |
---|---|---|---|---|---|---|
r-devel-linux-x86_64-debian-clang | 0.1 | 7.70 | 94.59 | 102.29 | NOTE | |
r-devel-linux-x86_64-debian-gcc | 0.1 | 6.06 | 69.59 | 75.65 | NOTE | |
r-devel-linux-x86_64-fedora-clang | 0.1 | 118.44 | OK | |||
r-devel-linux-x86_64-fedora-gcc | 0.1 | 114.73 | OK | |||
r-devel-windows-x86_64 | 0.1 | 18.00 | 139.00 | 157.00 | NOTE | |
r-patched-linux-x86_64 | 0.1 | 6.79 | 87.16 | 93.95 | NOTE | |
r-release-linux-x86_64 | 0.1 | 7.33 | 86.99 | 94.32 | NOTE | |
r-release-macos-arm64 | 0.1 | 34.00 | OK | |||
r-release-macos-x86_64 | 0.1 | 69.00 | OK | |||
r-release-windows-x86_64 | 0.1 | 17.00 | 138.00 | 155.00 | NOTE | |
r-oldrel-macos-arm64 | 0.1 | 35.00 | OK | |||
r-oldrel-macos-x86_64 | 0.1 | 62.00 | OK | |||
r-oldrel-windows-ix86+x86_64 | 0.1 | 28.00 | 138.00 | 166.00 | NOTE |
Version: 0.1
Check: package vignettes
Result: NOTE
Package vignette with placeholder title 'Vignette Title':
'rKIN_Introduction.Rmd'
Flavors: r-devel-linux-x86_64-debian-clang, r-devel-linux-x86_64-debian-gcc, r-devel-windows-x86_64, r-patched-linux-x86_64, r-release-linux-x86_64, r-release-windows-x86_64, r-oldrel-windows-ix86+x86_64