Last updated on 2022-05-09 17:52:41 CEST.
Flavor | Version | Tinstall | Tcheck | Ttotal | Status | Flags |
---|---|---|---|---|---|---|
r-devel-linux-x86_64-debian-clang | 1.0 | 1.78 | 32.68 | 34.46 | NOTE | |
r-devel-linux-x86_64-debian-gcc | 1.0 | 1.85 | 25.34 | 27.19 | NOTE | |
r-devel-linux-x86_64-fedora-clang | 1.0 | 43.77 | NOTE | |||
r-devel-linux-x86_64-fedora-gcc | 1.0 | 41.95 | NOTE | |||
r-devel-windows-x86_64 | 1.0 | 8.00 | 46.00 | 54.00 | NOTE | |
r-patched-linux-x86_64 | 1.0 | 2.38 | 32.33 | 34.71 | NOTE | |
r-release-linux-x86_64 | 1.0 | 2.24 | 32.29 | 34.53 | NOTE | |
r-release-macos-arm64 | 1.0 | 13.00 | NOTE | |||
r-release-macos-x86_64 | 1.0 | 26.00 | NOTE | |||
r-release-windows-x86_64 | 1.0 | 5.00 | 47.00 | 52.00 | NOTE | |
r-oldrel-macos-arm64 | 1.0 | 19.00 | NOTE | |||
r-oldrel-macos-x86_64 | 1.0 | 26.00 | NOTE | |||
r-oldrel-windows-ix86+x86_64 | 1.0 | 5.00 | 30.00 | 35.00 | NOTE |
Version: 1.0
Check: DESCRIPTION meta-information
Result: NOTE
Malformed Description field: should contain one or more complete sentences.
Flavors: r-devel-linux-x86_64-debian-clang, r-devel-linux-x86_64-debian-gcc, r-devel-linux-x86_64-fedora-clang, r-devel-linux-x86_64-fedora-gcc, r-devel-windows-x86_64, r-patched-linux-x86_64, r-release-linux-x86_64, r-release-macos-arm64, r-release-macos-x86_64, r-release-windows-x86_64, r-oldrel-macos-arm64, r-oldrel-macos-x86_64, r-oldrel-windows-ix86+x86_64
Version: 1.0
Check: R code for possible problems
Result: NOTE
lc_TDT: no visible global function definition for 'pchisq'
rvTDT: no visible global function definition for 'dbeta'
Undefined global functions or variables:
dbeta pchisq
Consider adding
importFrom("stats", "dbeta", "pchisq")
to your NAMESPACE file.
Flavors: r-devel-linux-x86_64-debian-clang, r-devel-linux-x86_64-debian-gcc, r-devel-linux-x86_64-fedora-clang, r-devel-linux-x86_64-fedora-gcc, r-devel-windows-x86_64, r-patched-linux-x86_64, r-release-linux-x86_64, r-release-macos-arm64, r-release-macos-x86_64, r-release-windows-x86_64, r-oldrel-macos-arm64, r-oldrel-macos-x86_64, r-oldrel-windows-ix86+x86_64